{"id":1565,"date":"2022-11-02T11:12:36","date_gmt":"2022-11-02T10:12:36","guid":{"rendered":"https:\/\/eifeil.com\/?page_id=1565"},"modified":"2022-11-02T15:13:16","modified_gmt":"2022-11-02T14:13:16","slug":"edita-2017","status":"publish","type":"page","link":"https:\/\/eifeil.com\/index.php\/edita-2017\/","title":{"rendered":"EditA 2017"},"content":{"rendered":"\t\t<div data-elementor-type=\"wp-page\" data-elementor-id=\"1565\" class=\"elementor elementor-1565\">\n\t\t\t\t\t\t<section class=\"elementor-section elementor-top-section elementor-element elementor-element-041c0e9 elementor-section-stretched elementor-section-boxed elementor-section-height-default elementor-section-height-default\" data-id=\"041c0e9\" data-element_type=\"section\" data-e-type=\"section\" data-settings=\"{&quot;stretch_section&quot;:&quot;section-stretched&quot;,&quot;background_background&quot;:&quot;classic&quot;}\">\n\t\t\t\t\t\t<div class=\"elementor-container elementor-column-gap-default\">\n\t\t\t\t\t<div class=\"elementor-column elementor-col-100 elementor-top-column elementor-element elementor-element-68fd017\" data-id=\"68fd017\" data-element_type=\"column\" data-e-type=\"column\">\n\t\t\t<div class=\"elementor-widget-wrap elementor-element-populated\">\n\t\t\t\t\t\t<div class=\"elementor-element elementor-element-6430e88 elementor-widget elementor-widget-spacer\" data-id=\"6430e88\" data-element_type=\"widget\" data-e-type=\"widget\" data-widget_type=\"spacer.default\">\n\t\t\t\t<div class=\"elementor-widget-container\">\n\t\t\t\t\t\t\t<div class=\"elementor-spacer\">\n\t\t\t<div class=\"elementor-spacer-inner\"><\/div>\n\t\t<\/div>\n\t\t\t\t\t\t<\/div>\n\t\t\t\t<\/div>\n\t\t\t\t<div class=\"elementor-element elementor-element-9ed4d8a elementor-widget elementor-widget-spacer\" data-id=\"9ed4d8a\" data-element_type=\"widget\" data-e-type=\"widget\" data-widget_type=\"spacer.default\">\n\t\t\t\t<div class=\"elementor-widget-container\">\n\t\t\t\t\t\t\t<div class=\"elementor-spacer\">\n\t\t\t<div class=\"elementor-spacer-inner\"><\/div>\n\t\t<\/div>\n\t\t\t\t\t\t<\/div>\n\t\t\t\t<\/div>\n\t\t\t\t\t<\/div>\n\t\t<\/div>\n\t\t\t\t\t<\/div>\n\t\t<\/section>\n\t\t\t\t<section class=\"elementor-section elementor-top-section elementor-element elementor-element-dc32f2e elementor-section-stretched elementor-section-boxed elementor-section-height-default elementor-section-height-default\" data-id=\"dc32f2e\" data-element_type=\"section\" data-e-type=\"section\" data-settings=\"{&quot;stretch_section&quot;:&quot;section-stretched&quot;}\">\n\t\t\t\t\t\t<div class=\"elementor-container elementor-column-gap-default\">\n\t\t\t\t\t<div class=\"elementor-column elementor-col-100 elementor-top-column elementor-element elementor-element-9f7734a\" data-id=\"9f7734a\" data-element_type=\"column\" data-e-type=\"column\">\n\t\t\t<div class=\"elementor-widget-wrap elementor-element-populated\">\n\t\t\t\t\t\t<div class=\"elementor-element elementor-element-5f92070 elementor-widget elementor-widget-spacer\" data-id=\"5f92070\" data-element_type=\"widget\" data-e-type=\"widget\" data-widget_type=\"spacer.default\">\n\t\t\t\t<div class=\"elementor-widget-container\">\n\t\t\t\t\t\t\t<div class=\"elementor-spacer\">\n\t\t\t<div class=\"elementor-spacer-inner\"><\/div>\n\t\t<\/div>\n\t\t\t\t\t\t<\/div>\n\t\t\t\t<\/div>\n\t\t\t\t<div class=\"elementor-element elementor-element-300cfce elementor-widget elementor-widget-heading\" data-id=\"300cfce\" data-element_type=\"widget\" data-e-type=\"widget\" data-widget_type=\"heading.default\">\n\t\t\t\t<div class=\"elementor-widget-container\">\n\t\t\t\t\t<h2 class=\"elementor-heading-title elementor-size-default\">PROGRAMME<\/h2>\t\t\t\t<\/div>\n\t\t\t\t<\/div>\n\t\t\t\t<div class=\"elementor-element elementor-element-4008728 elementor-widget elementor-widget-spacer\" data-id=\"4008728\" data-element_type=\"widget\" data-e-type=\"widget\" data-widget_type=\"spacer.default\">\n\t\t\t\t<div class=\"elementor-widget-container\">\n\t\t\t\t\t\t\t<div class=\"elementor-spacer\">\n\t\t\t<div class=\"elementor-spacer-inner\"><\/div>\n\t\t<\/div>\n\t\t\t\t\t\t<\/div>\n\t\t\t\t<\/div>\n\t\t\t\t<div class=\"elementor-element elementor-element-90d6a82 elementor-widget elementor-widget-text-editor\" data-id=\"90d6a82\" data-element_type=\"widget\" data-e-type=\"widget\" data-widget_type=\"text-editor.default\">\n\t\t\t\t<div class=\"elementor-widget-container\">\n\t\t\t\t\t\t\t\t\t<p><strong>LES DEBATS<\/strong><\/p><p>Fort du succ\u00e8s des d\u00e9bats et ateliers des \u00e9ditions 2015 et 2016 \u00e0 Paris, nous d\u00e9cidons d\u2019exporter le concept dans des m\u00e9tropoles r\u00e9gionales o\u00f9 la culture est au coeur des \u00e9v\u00e9nements majeurs.<strong><em>\u00a0<\/em><\/strong><\/p><p>Organis\u00e9es autour de sujets d\u2019actualit\u00e9, ces rencontres se veulent innovantes.<\/p><p>Des sujets tr\u00e8s divers seront abord\u00e9s :\u00a0<strong>le m\u00e9tier d\u2019\u00e9diteur, les financements de la cr\u00e9ation, le num\u00e9rique, le transm\u00e9dia, la musique \u00e0 l\u2019image&#8230;\u00a0<\/strong>Des intervenants d\u2019horizons divers animeront tous les panels et aborderont toutes les facettes de chaque sujet.<\/p>\t\t\t\t\t\t\t\t<\/div>\n\t\t\t\t<\/div>\n\t\t\t\t<div class=\"elementor-element elementor-element-3130312 elementor-widget elementor-widget-toggle\" data-id=\"3130312\" data-element_type=\"widget\" data-e-type=\"widget\" data-widget_type=\"toggle.default\">\n\t\t\t\t<div class=\"elementor-widget-container\">\n\t\t\t\t\t\t\t<div class=\"elementor-toggle\">\n\t\t\t\t\t\t\t<div class=\"elementor-toggle-item\">\n\t\t\t\t\t<div id=\"elementor-tab-title-5151\" class=\"elementor-tab-title\" data-tab=\"1\" role=\"button\" aria-controls=\"elementor-tab-content-5151\" aria-expanded=\"false\">\n\t\t\t\t\t\t\t\t\t\t\t\t<span class=\"elementor-toggle-icon elementor-toggle-icon-left\" aria-hidden=\"true\">\n\t\t\t\t\t\t\t\t\t\t\t\t\t\t\t<span class=\"elementor-toggle-icon-closed\"><i class=\"fas fa-caret-right\"><\/i><\/span>\n\t\t\t\t\t\t\t\t<span class=\"elementor-toggle-icon-opened\"><i class=\"elementor-toggle-icon-opened fas fa-caret-up\"><\/i><\/span>\n\t\t\t\t\t\t\t\t\t\t\t\t\t<\/span>\n\t\t\t\t\t\t\t\t\t\t\t\t<a class=\"elementor-toggle-title\" tabindex=\"0\">Qu\u2019est-ce qu\u2019un \u00e9diteur ?<\/a>\n\t\t\t\t\t<\/div>\n\n\t\t\t\t\t<div id=\"elementor-tab-content-5151\" class=\"elementor-tab-content elementor-clearfix\" data-tab=\"1\" role=\"region\" aria-labelledby=\"elementor-tab-title-5151\"><p>Si d\u00e8s le 16\u00e8me si\u00e8cle l\u2019\u00e9diteur de musique avait la charge exclusive de diffuser les partitions des \u0153uvres qu\u2019il g\u00e9rait, il doit aujourd\u2019hui poss\u00e9der les connaissances et les contacts indispensables \u00e0 la promotion de son catalogue. M\u00e9tier peu connu mais essentiel, son r\u00f4le est devenu tr\u00e8s large : financements d\u2019enregistrement de promotion, exploitations commerciales et recherche de synchronisation des \u0153uvres \u00e9dit\u00e9es\u2026 Quelles responsabilit\u00e9s incombent \u00e0 un \u00e9diteur de musique \u00e9voluant aujourd\u2019hui dans un monde num\u00e9rique et d\u00e9mat\u00e9rialis\u00e9 ?<\/p><\/div>\n\t\t\t\t<\/div>\n\t\t\t\t\t\t\t<div class=\"elementor-toggle-item\">\n\t\t\t\t\t<div id=\"elementor-tab-title-5152\" class=\"elementor-tab-title\" data-tab=\"2\" role=\"button\" aria-controls=\"elementor-tab-content-5152\" aria-expanded=\"false\">\n\t\t\t\t\t\t\t\t\t\t\t\t<span class=\"elementor-toggle-icon elementor-toggle-icon-left\" aria-hidden=\"true\">\n\t\t\t\t\t\t\t\t\t\t\t\t\t\t\t<span class=\"elementor-toggle-icon-closed\"><i class=\"fas fa-caret-right\"><\/i><\/span>\n\t\t\t\t\t\t\t\t<span class=\"elementor-toggle-icon-opened\"><i class=\"elementor-toggle-icon-opened fas fa-caret-up\"><\/i><\/span>\n\t\t\t\t\t\t\t\t\t\t\t\t\t<\/span>\n\t\t\t\t\t\t\t\t\t\t\t\t<a class=\"elementor-toggle-title\" tabindex=\"0\">\u00c9dition musicale: outils de promotion et \u00ab transm\u00e9dias \u00bb<\/a>\n\t\t\t\t\t<\/div>\n\n\t\t\t\t\t<div id=\"elementor-tab-content-5152\" class=\"elementor-tab-content elementor-clearfix\" data-tab=\"2\" role=\"region\" aria-labelledby=\"elementor-tab-title-5152\"><p>Aujourd\u2019hui, de nouvelles plateformes dites \u00ab transm\u00e9dias \u00bb port\u00e9es par une g\u00e9n\u00e9ration de jeunes objecteurs sont au c\u0153ur de la circulation des contenus num\u00e9riques d\u00e9di\u00e9s \u00e0 la musique et la cr\u00e9ation. Ces auteurs innovants, libres et audacieux d\u00e9cryptent l\u2019\u00e9mergence et la diversit\u00e9 culturelle, proposent des pens\u00e9es alternatives et r\u00e9inventent l\u2019exposition m\u00e9diatique.<\/p><p>Les transm\u00e9dias sont-ils une nouvelle forme d\u2019expression identitaire et la meilleure r\u00e9ponse \u00e0 l\u2019asphyxie culturelle propos\u00e9e par des m\u00e9dias d\u00e9connect\u00e9s ?<\/p><\/div>\n\t\t\t\t<\/div>\n\t\t\t\t\t\t\t<div class=\"elementor-toggle-item\">\n\t\t\t\t\t<div id=\"elementor-tab-title-5153\" class=\"elementor-tab-title\" data-tab=\"3\" role=\"button\" aria-controls=\"elementor-tab-content-5153\" aria-expanded=\"false\">\n\t\t\t\t\t\t\t\t\t\t\t\t<span class=\"elementor-toggle-icon elementor-toggle-icon-left\" aria-hidden=\"true\">\n\t\t\t\t\t\t\t\t\t\t\t\t\t\t\t<span class=\"elementor-toggle-icon-closed\"><i class=\"fas fa-caret-right\"><\/i><\/span>\n\t\t\t\t\t\t\t\t<span class=\"elementor-toggle-icon-opened\"><i class=\"elementor-toggle-icon-opened fas fa-caret-up\"><\/i><\/span>\n\t\t\t\t\t\t\t\t\t\t\t\t\t<\/span>\n\t\t\t\t\t\t\t\t\t\t\t\t<a class=\"elementor-toggle-title\" tabindex=\"0\">Synchronisation et musiques \u00e0 l\u2019image: les bonnes pratiques<\/a>\n\t\t\t\t\t<\/div>\n\n\t\t\t\t\t<div id=\"elementor-tab-content-5153\" class=\"elementor-tab-content elementor-clearfix\" data-tab=\"3\" role=\"region\" aria-labelledby=\"elementor-tab-title-5153\"><p>Qu\u2019il s\u2019agisse de films, documentaires, jeux vid\u00e9os, ou pubs, de l\u2019utilisation d\u2019une \u0153uvre pr\u00e9existante ou d\u2019une cr\u00e9ation, la finalit\u00e9 est la m\u00eame: la musique b\u00e9n\u00e9ficie du succ\u00e8s de production d\u2019images en mouvement et vise versa ! Vecteur essentiel de communication des supports audiovisuels, elle repr\u00e9sente aujourd\u2019hui un pan entier de l\u2019industrie musicale.<\/p><p>Mais quelles sont les bonnes pratiques? T\u00e9moignages d\u2019une communaut\u00e9 artistique \u00e0 part enti\u00e8re.<\/p><\/div>\n\t\t\t\t<\/div>\n\t\t\t\t\t\t\t<div class=\"elementor-toggle-item\">\n\t\t\t\t\t<div id=\"elementor-tab-title-5154\" class=\"elementor-tab-title\" data-tab=\"4\" role=\"button\" aria-controls=\"elementor-tab-content-5154\" aria-expanded=\"false\">\n\t\t\t\t\t\t\t\t\t\t\t\t<span class=\"elementor-toggle-icon elementor-toggle-icon-left\" aria-hidden=\"true\">\n\t\t\t\t\t\t\t\t\t\t\t\t\t\t\t<span class=\"elementor-toggle-icon-closed\"><i class=\"fas fa-caret-right\"><\/i><\/span>\n\t\t\t\t\t\t\t\t<span class=\"elementor-toggle-icon-opened\"><i class=\"elementor-toggle-icon-opened fas fa-caret-up\"><\/i><\/span>\n\t\t\t\t\t\t\t\t\t\t\t\t\t<\/span>\n\t\t\t\t\t\t\t\t\t\t\t\t<a class=\"elementor-toggle-title\" tabindex=\"0\">Soutien aux artistes et aux \u00e9diteurs : les aides pour qui et pourquoi ?<\/a>\n\t\t\t\t\t<\/div>\n\n\t\t\t\t\t<div id=\"elementor-tab-content-5154\" class=\"elementor-tab-content elementor-clearfix\" data-tab=\"4\" role=\"region\" aria-labelledby=\"elementor-tab-title-5154\"><p>La culture est en pleine mutation.<\/p><p>Dans le contexte \u00e9conomique actuel, quels sont les bons outils prenant en compte les ressources propres des \u00e9diteurs et les aides \u00e0 la cr\u00e9ation pour une solution durable et \u00e9quitable? Et comment r\u00e9unir toutes les conditions pour r\u00e9ussir le d\u00e9veloppement de projets ?<\/p><\/div>\n\t\t\t\t<\/div>\n\t\t\t\t\t\t\t\t<\/div>\n\t\t\t\t\t\t<\/div>\n\t\t\t\t<\/div>\n\t\t\t\t<div class=\"elementor-element elementor-element-0953866 elementor-widget elementor-widget-spacer\" data-id=\"0953866\" data-element_type=\"widget\" data-e-type=\"widget\" data-widget_type=\"spacer.default\">\n\t\t\t\t<div class=\"elementor-widget-container\">\n\t\t\t\t\t\t\t<div class=\"elementor-spacer\">\n\t\t\t<div class=\"elementor-spacer-inner\"><\/div>\n\t\t<\/div>\n\t\t\t\t\t\t<\/div>\n\t\t\t\t<\/div>\n\t\t\t\t<div class=\"elementor-element elementor-element-3eb32d6 elementor-widget elementor-widget-text-editor\" data-id=\"3eb32d6\" data-element_type=\"widget\" data-e-type=\"widget\" data-widget_type=\"text-editor.default\">\n\t\t\t\t<div class=\"elementor-widget-container\">\n\t\t\t\t\t\t\t\t\t<p><strong>LE GRAND ATELIER<\/strong><\/p><p><strong>\u00a0<\/strong>Compos\u00e9 de diff\u00e9rents p\u00f4les, en partenariat avec la Sacem :<\/p><ul><li><strong>Un speed-meeting r\u00e9unissant des auteurs, compositeurs et \u00e9diteurs de musique<\/strong>\u00a0sera organis\u00e9 afin de faire se rencontrer les cr\u00e9ateurs et les futurs \u00e9diteurs. Lanc\u00e9 lors du salon EditA 2016 \u00e0 Paris, ce speed-meeting a affich\u00e9 complet 5 jours apr\u00e8s l\u2019ouverture des inscriptions.<\/li><li><strong>Un atelier<\/strong>\u00a0sera organis\u00e9 pour\u00a0<strong>conna\u00eetre et comprendre les m\u00e9canismes du portail Sacem<\/strong>\u00a0et des espaces personnels d\u00e9di\u00e9s aux soci\u00e9taires.<\/li><li><strong>Un espace de RDV<\/strong>\u00a0sera mis \u00e0 la disposition des soci\u00e9taires qui pourront rencontrer facilement les \u00e9quipes<\/li><\/ul>\t\t\t\t\t\t\t\t<\/div>\n\t\t\t\t<\/div>\n\t\t\t\t<div class=\"elementor-element elementor-element-2fbf743 elementor-widget elementor-widget-spacer\" data-id=\"2fbf743\" data-element_type=\"widget\" data-e-type=\"widget\" data-widget_type=\"spacer.default\">\n\t\t\t\t<div class=\"elementor-widget-container\">\n\t\t\t\t\t\t\t<div class=\"elementor-spacer\">\n\t\t\t<div class=\"elementor-spacer-inner\"><\/div>\n\t\t<\/div>\n\t\t\t\t\t\t<\/div>\n\t\t\t\t<\/div>\n\t\t\t\t<div class=\"elementor-element elementor-element-6dc3636 elementor-widget elementor-widget-text-editor\" data-id=\"6dc3636\" data-element_type=\"widget\" data-e-type=\"widget\" data-widget_type=\"text-editor.default\">\n\t\t\t\t<div class=\"elementor-widget-container\">\n\t\t\t\t\t\t\t\t\t<p><strong>PROGRAMMATION TOURS D\u2019EIFEIL SPECIAL EDITA<\/strong><strong>\u00a0<\/strong><\/p><p>A l\u2019occasion de la conf\u00e9rence de presse du 27 avril au Taquin ainsi que la programmation musicale du 13 mai au Metronum, Eifeil choisit de mettre en avant les artistes r\u00e9gionaux (Occitanie) soutenus dans le cadre du programme de l\u2019autoproduction de la Sacem.<\/p><p><strong>Le 27 avril au Taquin\u00a0<\/strong><\/p><ul><li>Yellow<\/li><\/ul><p><strong>Le 13 mai au Metronum<\/strong><\/p><ul><li>Napkey<\/li><li>After Marianne<\/li><li>Mirage Club<\/li><\/ul>\t\t\t\t\t\t\t\t<\/div>\n\t\t\t\t<\/div>\n\t\t\t\t<div class=\"elementor-element elementor-element-04d1614 elementor-widget elementor-widget-spacer\" data-id=\"04d1614\" data-element_type=\"widget\" data-e-type=\"widget\" data-widget_type=\"spacer.default\">\n\t\t\t\t<div class=\"elementor-widget-container\">\n\t\t\t\t\t\t\t<div class=\"elementor-spacer\">\n\t\t\t<div class=\"elementor-spacer-inner\"><\/div>\n\t\t<\/div>\n\t\t\t\t\t\t<\/div>\n\t\t\t\t<\/div>\n\t\t\t\t\t<\/div>\n\t\t<\/div>\n\t\t\t\t\t<\/div>\n\t\t<\/section>\n\t\t\t\t<section class=\"elementor-section elementor-top-section elementor-element elementor-element-47adc54 elementor-section-stretched elementor-section-boxed elementor-section-height-default elementor-section-height-default\" data-id=\"47adc54\" data-element_type=\"section\" data-e-type=\"section\" data-settings=\"{&quot;stretch_section&quot;:&quot;section-stretched&quot;}\">\n\t\t\t\t\t\t<div class=\"elementor-container elementor-column-gap-default\">\n\t\t\t\t\t<div class=\"elementor-column elementor-col-100 elementor-top-column elementor-element elementor-element-b1e8ce7\" data-id=\"b1e8ce7\" data-element_type=\"column\" data-e-type=\"column\">\n\t\t\t<div class=\"elementor-widget-wrap elementor-element-populated\">\n\t\t\t\t\t\t<div class=\"elementor-element elementor-element-8fda587 elementor-widget elementor-widget-video\" data-id=\"8fda587\" data-element_type=\"widget\" data-e-type=\"widget\" data-settings=\"{&quot;youtube_url&quot;:&quot;https:\\\/\\\/www.youtube.com\\\/watch?v=gEVQMlerDoI&quot;,&quot;video_type&quot;:&quot;youtube&quot;,&quot;controls&quot;:&quot;yes&quot;}\" data-widget_type=\"video.default\">\n\t\t\t\t<div class=\"elementor-widget-container\">\n\t\t\t\t\t\t\t<div class=\"elementor-wrapper elementor-open-inline\">\n\t\t\t<div class=\"elementor-video\"><\/div>\t\t<\/div>\n\t\t\t\t\t\t<\/div>\n\t\t\t\t<\/div>\n\t\t\t\t\t<\/div>\n\t\t<\/div>\n\t\t\t\t\t<\/div>\n\t\t<\/section>\n\t\t\t\t<\/div>\n\t\t","protected":false},"excerpt":{"rendered":"<p>PROGRAMME LES DEBATS Fort du succ\u00e8s des d\u00e9bats et ateliers des \u00e9ditions 2015 et 2016 \u00e0 Paris, nous d\u00e9cidons d\u2019exporter le concept dans des m\u00e9tropoles r\u00e9gionales o\u00f9 la culture est [&hellip;]<\/p>\n","protected":false},"author":1,"featured_media":0,"parent":0,"menu_order":0,"comment_status":"closed","ping_status":"closed","template":"","meta":{"footnotes":""},"class_list":["post-1565","page","type-page","status-publish","hentry"],"yoast_head":"<!-- This site is optimized with the Yoast SEO plugin v26.6 - https:\/\/yoast.com\/wordpress\/plugins\/seo\/ -->\n<title>EditA 2017<\/title>\n<meta name=\"description\" content=\"EditA 2017 : le salon de l&#039;\u00e9dition musicale \u00e9dition 2017, rencontre entre professionnels de l&#039;industrie de la musique.\" \/>\n<meta name=\"robots\" content=\"index, follow, max-snippet:-1, max-image-preview:large, max-video-preview:-1\" \/>\n<link rel=\"canonical\" href=\"https:\/\/eifeil.com\/index.php\/edita-2017\/\" \/>\n<meta property=\"og:locale\" content=\"fr_FR\" \/>\n<meta property=\"og:type\" content=\"article\" \/>\n<meta property=\"og:title\" content=\"EditA 2017\" \/>\n<meta property=\"og:description\" content=\"EditA 2017 : le salon de l&#039;\u00e9dition musicale \u00e9dition 2017, rencontre entre professionnels de l&#039;industrie de la musique.\" \/>\n<meta property=\"og:url\" content=\"https:\/\/eifeil.com\/index.php\/edita-2017\/\" \/>\n<meta property=\"og:site_name\" content=\"EIFEIL\" \/>\n<meta property=\"article:modified_time\" content=\"2022-11-02T14:13:16+00:00\" \/>\n<meta name=\"twitter:card\" content=\"summary_large_image\" \/>\n<meta name=\"twitter:label1\" content=\"Dur\u00e9e de lecture estim\u00e9e\" \/>\n\t<meta name=\"twitter:data1\" content=\"3 minutes\" \/>\n<script type=\"application\/ld+json\" class=\"yoast-schema-graph\">{\"@context\":\"https:\/\/schema.org\",\"@graph\":[{\"@type\":\"WebPage\",\"@id\":\"https:\/\/eifeil.com\/index.php\/edita-2017\/\",\"url\":\"https:\/\/eifeil.com\/index.php\/edita-2017\/\",\"name\":\"EditA 2017\",\"isPartOf\":{\"@id\":\"https:\/\/eifeil.com\/#website\"},\"datePublished\":\"2022-11-02T10:12:36+00:00\",\"dateModified\":\"2022-11-02T14:13:16+00:00\",\"description\":\"EditA 2017 : le salon de l'\u00e9dition musicale \u00e9dition 2017, rencontre entre professionnels de l'industrie de la musique.\",\"breadcrumb\":{\"@id\":\"https:\/\/eifeil.com\/index.php\/edita-2017\/#breadcrumb\"},\"inLanguage\":\"fr-FR\",\"potentialAction\":[{\"@type\":\"ReadAction\",\"target\":[\"https:\/\/eifeil.com\/index.php\/edita-2017\/\"]}]},{\"@type\":\"BreadcrumbList\",\"@id\":\"https:\/\/eifeil.com\/index.php\/edita-2017\/#breadcrumb\",\"itemListElement\":[{\"@type\":\"ListItem\",\"position\":1,\"name\":\"Accueil\",\"item\":\"https:\/\/eifeil.com\/\"},{\"@type\":\"ListItem\",\"position\":2,\"name\":\"EditA 2017\"}]},{\"@type\":\"WebSite\",\"@id\":\"https:\/\/eifeil.com\/#website\",\"url\":\"https:\/\/eifeil.com\/\",\"name\":\"EIFEIL\",\"description\":\"\u00c9diteurs Ind\u00e9pendants F\u00e9d\u00e9r\u00e9s en France\",\"potentialAction\":[{\"@type\":\"SearchAction\",\"target\":{\"@type\":\"EntryPoint\",\"urlTemplate\":\"https:\/\/eifeil.com\/?s={search_term_string}\"},\"query-input\":{\"@type\":\"PropertyValueSpecification\",\"valueRequired\":true,\"valueName\":\"search_term_string\"}}],\"inLanguage\":\"fr-FR\"}]}<\/script>\n<!-- \/ Yoast SEO plugin. -->","yoast_head_json":{"title":"EditA 2017","description":"EditA 2017 : le salon de l'\u00e9dition musicale \u00e9dition 2017, rencontre entre professionnels de l'industrie de la musique.","robots":{"index":"index","follow":"follow","max-snippet":"max-snippet:-1","max-image-preview":"max-image-preview:large","max-video-preview":"max-video-preview:-1"},"canonical":"https:\/\/eifeil.com\/index.php\/edita-2017\/","og_locale":"fr_FR","og_type":"article","og_title":"EditA 2017","og_description":"EditA 2017 : le salon de l'\u00e9dition musicale \u00e9dition 2017, rencontre entre professionnels de l'industrie de la musique.","og_url":"https:\/\/eifeil.com\/index.php\/edita-2017\/","og_site_name":"EIFEIL","article_modified_time":"2022-11-02T14:13:16+00:00","twitter_card":"summary_large_image","twitter_misc":{"Dur\u00e9e de lecture estim\u00e9e":"3 minutes"},"schema":{"@context":"https:\/\/schema.org","@graph":[{"@type":"WebPage","@id":"https:\/\/eifeil.com\/index.php\/edita-2017\/","url":"https:\/\/eifeil.com\/index.php\/edita-2017\/","name":"EditA 2017","isPartOf":{"@id":"https:\/\/eifeil.com\/#website"},"datePublished":"2022-11-02T10:12:36+00:00","dateModified":"2022-11-02T14:13:16+00:00","description":"EditA 2017 : le salon de l'\u00e9dition musicale \u00e9dition 2017, rencontre entre professionnels de l'industrie de la musique.","breadcrumb":{"@id":"https:\/\/eifeil.com\/index.php\/edita-2017\/#breadcrumb"},"inLanguage":"fr-FR","potentialAction":[{"@type":"ReadAction","target":["https:\/\/eifeil.com\/index.php\/edita-2017\/"]}]},{"@type":"BreadcrumbList","@id":"https:\/\/eifeil.com\/index.php\/edita-2017\/#breadcrumb","itemListElement":[{"@type":"ListItem","position":1,"name":"Accueil","item":"https:\/\/eifeil.com\/"},{"@type":"ListItem","position":2,"name":"EditA 2017"}]},{"@type":"WebSite","@id":"https:\/\/eifeil.com\/#website","url":"https:\/\/eifeil.com\/","name":"EIFEIL","description":"\u00c9diteurs Ind\u00e9pendants F\u00e9d\u00e9r\u00e9s en France","potentialAction":[{"@type":"SearchAction","target":{"@type":"EntryPoint","urlTemplate":"https:\/\/eifeil.com\/?s={search_term_string}"},"query-input":{"@type":"PropertyValueSpecification","valueRequired":true,"valueName":"search_term_string"}}],"inLanguage":"fr-FR"}]}},"_links":{"self":[{"href":"https:\/\/eifeil.com\/index.php\/wp-json\/wp\/v2\/pages\/1565","targetHints":{"allow":["GET"]}}],"collection":[{"href":"https:\/\/eifeil.com\/index.php\/wp-json\/wp\/v2\/pages"}],"about":[{"href":"https:\/\/eifeil.com\/index.php\/wp-json\/wp\/v2\/types\/page"}],"author":[{"embeddable":true,"href":"https:\/\/eifeil.com\/index.php\/wp-json\/wp\/v2\/users\/1"}],"replies":[{"embeddable":true,"href":"https:\/\/eifeil.com\/index.php\/wp-json\/wp\/v2\/comments?post=1565"}],"version-history":[{"count":31,"href":"https:\/\/eifeil.com\/index.php\/wp-json\/wp\/v2\/pages\/1565\/revisions"}],"predecessor-version":[{"id":1653,"href":"https:\/\/eifeil.com\/index.php\/wp-json\/wp\/v2\/pages\/1565\/revisions\/1653"}],"wp:attachment":[{"href":"https:\/\/eifeil.com\/index.php\/wp-json\/wp\/v2\/media?parent=1565"}],"curies":[{"name":"wp","href":"https:\/\/api.w.org\/{rel}","templated":true}]}}