{"id":5496,"date":"2024-03-07T17:36:35","date_gmt":"2024-03-07T16:36:35","guid":{"rendered":"https:\/\/eifeil.com\/?page_id=5496"},"modified":"2024-03-07T17:39:30","modified_gmt":"2024-03-07T16:39:30","slug":"inscription-formation-deifeil","status":"publish","type":"page","link":"https:\/\/eifeil.com\/index.php\/inscription-formation-deifeil\/","title":{"rendered":"Inscription formation d&rsquo;EIFEIL"},"content":{"rendered":"<div class=\"wpforms-container wpforms-container-full wpforms-block wpforms-block-80cdd8d5-9994-418c-a240-5ac0f307435a\" id=\"wpforms-5492\"><form id=\"wpforms-form-5492\" class=\"wpforms-validate wpforms-form wpforms-ajax-form\" data-formid=\"5492\" method=\"post\" enctype=\"multipart\/form-data\" action=\"\/index.php\/wp-json\/wp\/v2\/pages\/5496\" data-token=\"9328c534dd8da94fa21e0108823a90f0\" data-token-time=\"1777711592\"><noscript class=\"wpforms-error-noscript\">Veuillez activer JavaScript dans votre navigateur pour remplir ce formulaire.<\/noscript><div class=\"wpforms-field-container\"><div id=\"wpforms-5492-field_1-container\" class=\"wpforms-field wpforms-field-name\" data-field-id=\"1\"><label class=\"wpforms-field-label\">Pr\u00e9nom &amp; Nom <span class=\"wpforms-required-label\">*<\/span><\/label><div class=\"wpforms-field-row wpforms-field-medium\"><div class=\"wpforms-field-row-block wpforms-first wpforms-one-half\"><input type=\"text\" id=\"wpforms-5492-field_1\" class=\"wpforms-field-name-first wpforms-field-required\" name=\"wpforms[fields][1][first]\" required><label for=\"wpforms-5492-field_1\" class=\"wpforms-field-sublabel after\">Pr\u00e9nom<\/label><\/div><div class=\"wpforms-field-row-block wpforms-one-half\"><input type=\"text\" id=\"wpforms-5492-field_1-last\" class=\"wpforms-field-name-last wpforms-field-required\" name=\"wpforms[fields][1][last]\" required><label for=\"wpforms-5492-field_1-last\" class=\"wpforms-field-sublabel after\">Nom<\/label><\/div><\/div><\/div><div id=\"wpforms-5492-field_10-container\" class=\"wpforms-field wpforms-field-name\" data-field-id=\"10\"><label class=\"wpforms-field-label\" for=\"wpforms-5492-field_10\">COAD (votre num\u00e9ro Sacem, si vous \u00eates inscrit)<\/label><input type=\"text\" id=\"wpforms-5492-field_10\" class=\"wpforms-field-medium\" name=\"wpforms[fields][10]\" ><\/div><div id=\"wpforms-5492-field_7-container\" class=\"wpforms-field wpforms-field-email\" data-field-id=\"7\"><label class=\"wpforms-field-label\" for=\"wpforms-5492-field_7\">Email <span class=\"wpforms-required-label\">*<\/span><\/label><input type=\"email\" id=\"wpforms-5492-field_7\" class=\"wpforms-field-medium wpforms-field-required\" name=\"wpforms[fields][7]\" spellcheck=\"false\" required><\/div><div id=\"wpforms-5492-field_8-container\" class=\"wpforms-field wpforms-field-checkbox\" data-field-id=\"8\"><label class=\"wpforms-field-label\">Vous \u00eates auteur, compositeur, arrangeur, adapteur : <\/label><ul id=\"wpforms-5492-field_8\"><li class=\"choice-1 depth-1\"><input type=\"checkbox\" id=\"wpforms-5492-field_8_1\" name=\"wpforms[fields][8][]\" value=\"Inscrit \u00e0 la Sacem\"  ><label class=\"wpforms-field-label-inline\" for=\"wpforms-5492-field_8_1\">Inscrit \u00e0 la Sacem<\/label><\/li><li class=\"choice-2 depth-1\"><input type=\"checkbox\" id=\"wpforms-5492-field_8_2\" name=\"wpforms[fields][8][]\" value=\"Non \u00e9ligibles aux financements du fonds artistes-auteurs de\u00a0l\u2019Afdas\"  ><label class=\"wpforms-field-label-inline\" for=\"wpforms-5492-field_8_2\">Non \u00e9ligibles aux financements du fonds artistes-auteurs de\u00a0l\u2019Afdas<\/label><\/li><\/ul><\/div><div id=\"wpforms-5492-field_9-container\" class=\"wpforms-field wpforms-field-checkbox\" data-field-id=\"9\"><label class=\"wpforms-field-label\">Vous \u00eates \u00e9diteur :<\/label><ul id=\"wpforms-5492-field_9\"><li class=\"choice-1 depth-1\"><input type=\"checkbox\" id=\"wpforms-5492-field_9_1\" name=\"wpforms[fields][9][]\" value=\"Non \u00e9ligibles aux financements de\u00a0l\u2019Afdas\"  ><label class=\"wpforms-field-label-inline\" for=\"wpforms-5492-field_9_1\">Non \u00e9ligibles aux financements de\u00a0l\u2019Afdas<\/label><\/li><li class=\"choice-2 depth-1\"><input type=\"checkbox\" id=\"wpforms-5492-field_9_2\" name=\"wpforms[fields][9][]\" value=\"Vous avez per\u00e7u au moins 1500\u20ac de droits d&#039;auteur sur l\u2019une des 2 derni\u00e8res ann\u00e9es (hors ann\u00e9e en cours)\"  ><label class=\"wpforms-field-label-inline\" for=\"wpforms-5492-field_9_2\">Vous avez per\u00e7u au moins 1500\u20ac de droits d&rsquo;auteur sur l\u2019une des 2 derni\u00e8res ann\u00e9es (hors ann\u00e9e en cours)<\/label><\/li><\/ul><\/div><div id=\"wpforms-5492-field_5-container\" class=\"wpforms-field wpforms-field-radio\" data-field-id=\"5\"><label class=\"wpforms-field-label\">Quelle formation en 2024 ? <\/label><ul id=\"wpforms-5492-field_5\"><li class=\"choice-3 depth-1\"><input type=\"radio\" id=\"wpforms-5492-field_5_3\" name=\"wpforms[fields][5]\" value=\"Les bonnes pratiques de la synchro et musique pour l&#039;image du 28 au 29 mai\"  ><label class=\"wpforms-field-label-inline\" for=\"wpforms-5492-field_5_3\">Les bonnes pratiques de la synchro et musique pour l&rsquo;image du 28 au 29 mai<\/label><\/li><li class=\"choice-4 depth-1\"><input type=\"radio\" id=\"wpforms-5492-field_5_4\" name=\"wpforms[fields][5]\" value=\"Les bonnes pratiques de la synchro et musique pour l&#039;image du 7 au 8 octobre\"  ><label class=\"wpforms-field-label-inline\" for=\"wpforms-5492-field_5_4\">Les bonnes pratiques de la synchro et musique pour l&rsquo;image du 7 au 8 octobre<\/label><\/li><li class=\"choice-2 depth-1\"><input type=\"radio\" id=\"wpforms-5492-field_5_2\" name=\"wpforms[fields][5]\" value=\"Droits d&#039;auteur et \u00e9dition musicale du 4 au 8 novembre\"  ><label class=\"wpforms-field-label-inline\" for=\"wpforms-5492-field_5_2\">Droits d&rsquo;auteur et \u00e9dition musicale du 4 au 8 novembre<\/label><\/li><li class=\"choice-5 depth-1\"><input type=\"radio\" id=\"wpforms-5492-field_5_5\" name=\"wpforms[fields][5]\" value=\"Les contrats dans la musique du 18 au 20 novembre 2024\"  ><label class=\"wpforms-field-label-inline\" for=\"wpforms-5492-field_5_5\">Les contrats dans la musique du 18 au 20 novembre 2024<\/label><\/li><\/ul><\/div><div id=\"wpforms-5492-field_12-container\" class=\"wpforms-field wpforms-field-text\" data-field-id=\"12\"><label class=\"wpforms-field-label\" for=\"wpforms-5492-field_12\">Informations compl\u00e9mentaires<\/label><input type=\"text\" id=\"wpforms-5492-field_12\" class=\"wpforms-field-medium\" name=\"wpforms[fields][12]\" ><div class=\"wpforms-field-description\">Les formations \u00ab\u00a0droits d&rsquo;auteur et \u00e9dition musicale\u00a0\u00bb ont lieu au Cifap \u00e0 Montreuil. \r\nLes formations \u00a0\u00bb Les bonnes pratiques de la synchro et musique \u00e0 l&rsquo;image\u00a0\u00bb ont lieu en visio. <\/div><\/div><\/div><!-- .wpforms-field-container --><div class=\"wpforms-submit-container\" ><input type=\"hidden\" name=\"wpforms[id]\" value=\"5492\"><input type=\"hidden\" name=\"page_title\" value=\"\"><input type=\"hidden\" name=\"page_url\" value=\"https:\/\/eifeil.com\/index.php\/wp-json\/wp\/v2\/pages\/5496\"><input type=\"hidden\" name=\"url_referer\" value=\"\"><button type=\"submit\" name=\"wpforms[submit]\" id=\"wpforms-submit-5492\" class=\"wpforms-submit\" data-alt-text=\"S&#039;inscrire\" data-submit-text=\"S&#039;inscrire\" aria-live=\"assertive\" value=\"wpforms-submit\">S&#039;inscrire<\/button><img decoding=\"async\" src=\"https:\/\/eifeil.com\/wp-content\/plugins\/wpforms-lite\/assets\/images\/submit-spin.svg\" class=\"wpforms-submit-spinner\" style=\"display: none;\" width=\"26\" height=\"26\" alt=\"Chargement en cours\"><\/div><\/form><\/div>  <!-- .wpforms-container -->","protected":false},"excerpt":{"rendered":"","protected":false},"author":1,"featured_media":0,"parent":0,"menu_order":0,"comment_status":"closed","ping_status":"closed","template":"","meta":{"footnotes":""},"class_list":["post-5496","page","type-page","status-publish","hentry"],"yoast_head":"<!-- This site is optimized with the Yoast SEO plugin v26.6 - https:\/\/yoast.com\/wordpress\/plugins\/seo\/ -->\n<title>Inscription formation d&#039;EIFEIL - EIFEIL<\/title>\n<meta name=\"description\" content=\"Inscrivez vous \u00e0 l&#039;une de nos formations sur l&#039;\u00e9dition musicale, la synchro et musique \u00e0 l&#039;image et d\u00e9veloppez votre carri\u00e8re musicale !\" \/>\n<meta name=\"robots\" content=\"index, follow, max-snippet:-1, max-image-preview:large, max-video-preview:-1\" \/>\n<link rel=\"canonical\" href=\"https:\/\/eifeil.com\/index.php\/inscription-formation-deifeil\/\" \/>\n<meta property=\"og:locale\" content=\"fr_FR\" \/>\n<meta property=\"og:type\" content=\"article\" \/>\n<meta property=\"og:title\" content=\"Inscription formation d&#039;EIFEIL - EIFEIL\" \/>\n<meta property=\"og:description\" content=\"Inscrivez vous \u00e0 l&#039;une de nos formations sur l&#039;\u00e9dition musicale, la synchro et musique \u00e0 l&#039;image et d\u00e9veloppez votre carri\u00e8re musicale !\" \/>\n<meta property=\"og:url\" content=\"https:\/\/eifeil.com\/index.php\/inscription-formation-deifeil\/\" \/>\n<meta property=\"og:site_name\" content=\"EIFEIL\" \/>\n<meta property=\"article:modified_time\" content=\"2024-03-07T16:39:30+00:00\" \/>\n<meta name=\"twitter:card\" content=\"summary_large_image\" \/>\n<script type=\"application\/ld+json\" class=\"yoast-schema-graph\">{\"@context\":\"https:\/\/schema.org\",\"@graph\":[{\"@type\":\"WebPage\",\"@id\":\"https:\/\/eifeil.com\/index.php\/inscription-formation-deifeil\/\",\"url\":\"https:\/\/eifeil.com\/index.php\/inscription-formation-deifeil\/\",\"name\":\"Inscription formation d'EIFEIL - EIFEIL\",\"isPartOf\":{\"@id\":\"https:\/\/eifeil.com\/#website\"},\"datePublished\":\"2024-03-07T16:36:35+00:00\",\"dateModified\":\"2024-03-07T16:39:30+00:00\",\"description\":\"Inscrivez vous \u00e0 l'une de nos formations sur l'\u00e9dition musicale, la synchro et musique \u00e0 l'image et d\u00e9veloppez votre carri\u00e8re musicale !\",\"breadcrumb\":{\"@id\":\"https:\/\/eifeil.com\/index.php\/inscription-formation-deifeil\/#breadcrumb\"},\"inLanguage\":\"fr-FR\",\"potentialAction\":[{\"@type\":\"ReadAction\",\"target\":[\"https:\/\/eifeil.com\/index.php\/inscription-formation-deifeil\/\"]}]},{\"@type\":\"BreadcrumbList\",\"@id\":\"https:\/\/eifeil.com\/index.php\/inscription-formation-deifeil\/#breadcrumb\",\"itemListElement\":[{\"@type\":\"ListItem\",\"position\":1,\"name\":\"Accueil\",\"item\":\"https:\/\/eifeil.com\/\"},{\"@type\":\"ListItem\",\"position\":2,\"name\":\"Inscription formation d&rsquo;EIFEIL\"}]},{\"@type\":\"WebSite\",\"@id\":\"https:\/\/eifeil.com\/#website\",\"url\":\"https:\/\/eifeil.com\/\",\"name\":\"EIFEIL\",\"description\":\"\u00c9diteurs Ind\u00e9pendants F\u00e9d\u00e9r\u00e9s en France\",\"potentialAction\":[{\"@type\":\"SearchAction\",\"target\":{\"@type\":\"EntryPoint\",\"urlTemplate\":\"https:\/\/eifeil.com\/?s={search_term_string}\"},\"query-input\":{\"@type\":\"PropertyValueSpecification\",\"valueRequired\":true,\"valueName\":\"search_term_string\"}}],\"inLanguage\":\"fr-FR\"}]}<\/script>\n<!-- \/ Yoast SEO plugin. -->","yoast_head_json":{"title":"Inscription formation d'EIFEIL - EIFEIL","description":"Inscrivez vous \u00e0 l'une de nos formations sur l'\u00e9dition musicale, la synchro et musique \u00e0 l'image et d\u00e9veloppez votre carri\u00e8re musicale !","robots":{"index":"index","follow":"follow","max-snippet":"max-snippet:-1","max-image-preview":"max-image-preview:large","max-video-preview":"max-video-preview:-1"},"canonical":"https:\/\/eifeil.com\/index.php\/inscription-formation-deifeil\/","og_locale":"fr_FR","og_type":"article","og_title":"Inscription formation d'EIFEIL - EIFEIL","og_description":"Inscrivez vous \u00e0 l'une de nos formations sur l'\u00e9dition musicale, la synchro et musique \u00e0 l'image et d\u00e9veloppez votre carri\u00e8re musicale !","og_url":"https:\/\/eifeil.com\/index.php\/inscription-formation-deifeil\/","og_site_name":"EIFEIL","article_modified_time":"2024-03-07T16:39:30+00:00","twitter_card":"summary_large_image","schema":{"@context":"https:\/\/schema.org","@graph":[{"@type":"WebPage","@id":"https:\/\/eifeil.com\/index.php\/inscription-formation-deifeil\/","url":"https:\/\/eifeil.com\/index.php\/inscription-formation-deifeil\/","name":"Inscription formation d'EIFEIL - EIFEIL","isPartOf":{"@id":"https:\/\/eifeil.com\/#website"},"datePublished":"2024-03-07T16:36:35+00:00","dateModified":"2024-03-07T16:39:30+00:00","description":"Inscrivez vous \u00e0 l'une de nos formations sur l'\u00e9dition musicale, la synchro et musique \u00e0 l'image et d\u00e9veloppez votre carri\u00e8re musicale !","breadcrumb":{"@id":"https:\/\/eifeil.com\/index.php\/inscription-formation-deifeil\/#breadcrumb"},"inLanguage":"fr-FR","potentialAction":[{"@type":"ReadAction","target":["https:\/\/eifeil.com\/index.php\/inscription-formation-deifeil\/"]}]},{"@type":"BreadcrumbList","@id":"https:\/\/eifeil.com\/index.php\/inscription-formation-deifeil\/#breadcrumb","itemListElement":[{"@type":"ListItem","position":1,"name":"Accueil","item":"https:\/\/eifeil.com\/"},{"@type":"ListItem","position":2,"name":"Inscription formation d&rsquo;EIFEIL"}]},{"@type":"WebSite","@id":"https:\/\/eifeil.com\/#website","url":"https:\/\/eifeil.com\/","name":"EIFEIL","description":"\u00c9diteurs Ind\u00e9pendants F\u00e9d\u00e9r\u00e9s en France","potentialAction":[{"@type":"SearchAction","target":{"@type":"EntryPoint","urlTemplate":"https:\/\/eifeil.com\/?s={search_term_string}"},"query-input":{"@type":"PropertyValueSpecification","valueRequired":true,"valueName":"search_term_string"}}],"inLanguage":"fr-FR"}]}},"_links":{"self":[{"href":"https:\/\/eifeil.com\/index.php\/wp-json\/wp\/v2\/pages\/5496","targetHints":{"allow":["GET"]}}],"collection":[{"href":"https:\/\/eifeil.com\/index.php\/wp-json\/wp\/v2\/pages"}],"about":[{"href":"https:\/\/eifeil.com\/index.php\/wp-json\/wp\/v2\/types\/page"}],"author":[{"embeddable":true,"href":"https:\/\/eifeil.com\/index.php\/wp-json\/wp\/v2\/users\/1"}],"replies":[{"embeddable":true,"href":"https:\/\/eifeil.com\/index.php\/wp-json\/wp\/v2\/comments?post=5496"}],"version-history":[{"count":2,"href":"https:\/\/eifeil.com\/index.php\/wp-json\/wp\/v2\/pages\/5496\/revisions"}],"predecessor-version":[{"id":5500,"href":"https:\/\/eifeil.com\/index.php\/wp-json\/wp\/v2\/pages\/5496\/revisions\/5500"}],"wp:attachment":[{"href":"https:\/\/eifeil.com\/index.php\/wp-json\/wp\/v2\/media?parent=5496"}],"curies":[{"name":"wp","href":"https:\/\/api.w.org\/{rel}","templated":true}]}}