{"id":6318,"date":"2024-09-24T16:22:52","date_gmt":"2024-09-24T14:22:52","guid":{"rendered":"https:\/\/eifeil.com\/?page_id=6318"},"modified":"2026-03-27T17:29:34","modified_gmt":"2026-03-27T16:29:34","slug":"comment-faire-financer-sa-formation","status":"publish","type":"page","link":"https:\/\/eifeil.com\/index.php\/comment-faire-financer-sa-formation\/","title":{"rendered":"Comment faire financer sa formation ?"},"content":{"rendered":"\t\t<div data-elementor-type=\"wp-page\" data-elementor-id=\"6318\" class=\"elementor elementor-6318\">\n\t\t\t\t\t\t<section class=\"elementor-section elementor-top-section elementor-element elementor-element-e393d23 elementor-section-boxed elementor-section-height-default elementor-section-height-default\" data-id=\"e393d23\" data-element_type=\"section\" data-e-type=\"section\">\n\t\t\t\t\t\t<div class=\"elementor-container elementor-column-gap-default\">\n\t\t\t\t\t<div class=\"elementor-column elementor-col-100 elementor-top-column elementor-element elementor-element-7f9192b\" data-id=\"7f9192b\" data-element_type=\"column\" data-e-type=\"column\">\n\t\t\t<div class=\"elementor-widget-wrap elementor-element-populated\">\n\t\t\t\t\t\t<div class=\"elementor-element elementor-element-760666a elementor-widget elementor-widget-heading\" data-id=\"760666a\" data-element_type=\"widget\" data-e-type=\"widget\" data-widget_type=\"heading.default\">\n\t\t\t\t<div class=\"elementor-widget-container\">\n\t\t\t\t\t<h1 class=\"elementor-heading-title elementor-size-default\">Comment faire financer sa formation ?<\/h1>\t\t\t\t<\/div>\n\t\t\t\t<\/div>\n\t\t\t\t<div class=\"elementor-element elementor-element-442f940 elementor-widget elementor-widget-heading\" data-id=\"442f940\" data-element_type=\"widget\" data-e-type=\"widget\" data-widget_type=\"heading.default\">\n\t\t\t\t<div class=\"elementor-widget-container\">\n\t\t\t\t\t<h3 class=\"elementor-heading-title elementor-size-default\">Faire financer sa formation \u00e0 100% c'est possible !<\/h3>\t\t\t\t<\/div>\n\t\t\t\t<\/div>\n\t\t\t\t<div class=\"elementor-element elementor-element-80c4616 elementor-widget elementor-widget-spacer\" data-id=\"80c4616\" data-element_type=\"widget\" data-e-type=\"widget\" data-widget_type=\"spacer.default\">\n\t\t\t\t<div class=\"elementor-widget-container\">\n\t\t\t\t\t\t\t<div class=\"elementor-spacer\">\n\t\t\t<div class=\"elementor-spacer-inner\"><\/div>\n\t\t<\/div>\n\t\t\t\t\t\t<\/div>\n\t\t\t\t<\/div>\n\t\t\t\t<section class=\"elementor-section elementor-inner-section elementor-element elementor-element-247c790 elementor-section-boxed elementor-section-height-default elementor-section-height-default\" data-id=\"247c790\" data-element_type=\"section\" data-e-type=\"section\">\n\t\t\t\t\t\t<div class=\"elementor-container elementor-column-gap-default\">\n\t\t\t\t\t<div class=\"elementor-column elementor-col-50 elementor-inner-column elementor-element elementor-element-7f549a4\" data-id=\"7f549a4\" data-element_type=\"column\" data-e-type=\"column\">\n\t\t\t<div class=\"elementor-widget-wrap elementor-element-populated\">\n\t\t\t\t\t\t<div class=\"elementor-element elementor-element-989c1bc elementor-widget elementor-widget-image\" data-id=\"989c1bc\" data-element_type=\"widget\" data-e-type=\"widget\" data-widget_type=\"image.default\">\n\t\t\t\t<div class=\"elementor-widget-container\">\n\t\t\t\t\t\t\t\t\t\t\t\t\t\t\t<img fetchpriority=\"high\" decoding=\"async\" width=\"1024\" height=\"1024\" src=\"https:\/\/eifeil.com\/wp-content\/uploads\/2025\/04\/1-1024x1024.png\" class=\"attachment-large size-large wp-image-7121\" alt=\"\" srcset=\"https:\/\/eifeil.com\/wp-content\/uploads\/2025\/04\/1-1024x1024.png 1024w, https:\/\/eifeil.com\/wp-content\/uploads\/2025\/04\/1-300x300.png 300w, https:\/\/eifeil.com\/wp-content\/uploads\/2025\/04\/1-150x150.png 150w, https:\/\/eifeil.com\/wp-content\/uploads\/2025\/04\/1-768x768.png 768w, https:\/\/eifeil.com\/wp-content\/uploads\/2025\/04\/1-1000x1000.png 1000w, https:\/\/eifeil.com\/wp-content\/uploads\/2025\/04\/1-230x230.png 230w, https:\/\/eifeil.com\/wp-content\/uploads\/2025\/04\/1-350x350.png 350w, https:\/\/eifeil.com\/wp-content\/uploads\/2025\/04\/1-480x480.png 480w, https:\/\/eifeil.com\/wp-content\/uploads\/2025\/04\/1.png 1080w\" sizes=\"(max-width: 1024px) 100vw, 1024px\" \/>\t\t\t\t\t\t\t\t\t\t\t\t\t\t\t<\/div>\n\t\t\t\t<\/div>\n\t\t\t\t\t<\/div>\n\t\t<\/div>\n\t\t\t\t<div class=\"elementor-column elementor-col-50 elementor-inner-column elementor-element elementor-element-5f74f54\" data-id=\"5f74f54\" data-element_type=\"column\" data-e-type=\"column\">\n\t\t\t<div class=\"elementor-widget-wrap elementor-element-populated\">\n\t\t\t\t\t\t<div class=\"elementor-element elementor-element-6b7712a elementor-widget elementor-widget-image\" data-id=\"6b7712a\" data-element_type=\"widget\" data-e-type=\"widget\" data-widget_type=\"image.default\">\n\t\t\t\t<div class=\"elementor-widget-container\">\n\t\t\t\t\t\t\t\t\t\t\t\t\t\t\t<img decoding=\"async\" width=\"800\" height=\"800\" src=\"https:\/\/eifeil.com\/wp-content\/uploads\/2026\/03\/Citation-jaune-carre-court-Simple-8.png\" class=\"attachment-large size-large wp-image-8576\" alt=\"\" srcset=\"https:\/\/eifeil.com\/wp-content\/uploads\/2026\/03\/Citation-jaune-carre-court-Simple-8.png 800w, https:\/\/eifeil.com\/wp-content\/uploads\/2026\/03\/Citation-jaune-carre-court-Simple-8-300x300.png 300w, https:\/\/eifeil.com\/wp-content\/uploads\/2026\/03\/Citation-jaune-carre-court-Simple-8-150x150.png 150w, https:\/\/eifeil.com\/wp-content\/uploads\/2026\/03\/Citation-jaune-carre-court-Simple-8-768x768.png 768w, https:\/\/eifeil.com\/wp-content\/uploads\/2026\/03\/Citation-jaune-carre-court-Simple-8-230x230.png 230w, https:\/\/eifeil.com\/wp-content\/uploads\/2026\/03\/Citation-jaune-carre-court-Simple-8-350x350.png 350w, https:\/\/eifeil.com\/wp-content\/uploads\/2026\/03\/Citation-jaune-carre-court-Simple-8-480x480.png 480w\" sizes=\"(max-width: 800px) 100vw, 800px\" \/>\t\t\t\t\t\t\t\t\t\t\t\t\t\t\t<\/div>\n\t\t\t\t<\/div>\n\t\t\t\t\t<\/div>\n\t\t<\/div>\n\t\t\t\t\t<\/div>\n\t\t<\/section>\n\t\t\t\t<div class=\"elementor-element elementor-element-e1cf7a1 elementor-widget elementor-widget-spacer\" data-id=\"e1cf7a1\" data-element_type=\"widget\" data-e-type=\"widget\" data-widget_type=\"spacer.default\">\n\t\t\t\t<div class=\"elementor-widget-container\">\n\t\t\t\t\t\t\t<div class=\"elementor-spacer\">\n\t\t\t<div class=\"elementor-spacer-inner\"><\/div>\n\t\t<\/div>\n\t\t\t\t\t\t<\/div>\n\t\t\t\t<\/div>\n\t\t\t\t\t<\/div>\n\t\t<\/div>\n\t\t\t\t\t<\/div>\n\t\t<\/section>\n\t\t\t\t<section class=\"elementor-section elementor-top-section elementor-element elementor-element-3bc7fbe elementor-section-boxed elementor-section-height-default elementor-section-height-default\" data-id=\"3bc7fbe\" data-element_type=\"section\" data-e-type=\"section\" data-settings=\"{&quot;background_background&quot;:&quot;classic&quot;}\">\n\t\t\t\t\t\t<div class=\"elementor-container elementor-column-gap-default\">\n\t\t\t\t\t<div class=\"elementor-column elementor-col-100 elementor-top-column elementor-element elementor-element-ec6c04d\" data-id=\"ec6c04d\" data-element_type=\"column\" data-e-type=\"column\">\n\t\t\t<div class=\"elementor-widget-wrap elementor-element-populated\">\n\t\t\t\t\t\t<div class=\"elementor-element elementor-element-355ba28 elementor-widget elementor-widget-heading\" data-id=\"355ba28\" data-element_type=\"widget\" data-e-type=\"widget\" data-widget_type=\"heading.default\">\n\t\t\t\t<div class=\"elementor-widget-container\">\n\t\t\t\t\t<h3 class=\"elementor-heading-title elementor-size-default\">La SACEM<\/h3>\t\t\t\t<\/div>\n\t\t\t\t<\/div>\n\t\t\t\t<div class=\"elementor-element elementor-element-cd92eb9 elementor-widget__width-initial elementor-widget elementor-widget-text-editor\" data-id=\"cd92eb9\" data-element_type=\"widget\" data-e-type=\"widget\" data-widget_type=\"text-editor.default\">\n\t\t\t\t<div class=\"elementor-widget-container\">\n\t\t\t\t\t\t\t\t\t<p class=\"\">Elle constitue une prise en charge totale des frais des formations d\u2019EIFEIL pour :\u00a0<\/p><ul class=\"\"><li class=\"\"><strong class=\"\">Les cr\u00e9ateurs<\/strong> (auteurs, compositeurs, arrangeurs, adaptateurs),\u00a0<b class=\"\"><a class=\"\" href=\"https:\/\/www.artistes-auteurs.urssaf.fr\/aa\/accueil\" target=\"_blank\" rel=\"noopener\">inscrit \u00e0 l\u2019URSAFF artistes \u2013 auteurs<\/a>.<\/b><\/li><li class=\"\"><strong class=\"\">Les \u00e9diteurs,<\/strong><span class=\"\"> qui ont per\u00e7u 1 500\u20ac minimum de droits d\u2019auteur sur l\u2019une des 2 derni\u00e8res ann\u00e9es (2023 ou 2024).<\/span><\/li><\/ul><p class=\"\"><i class=\"\"><strong class=\"\">Comment en b\u00e9n\u00e9ficier ?\u00a0<\/strong><\/i>Pour b\u00e9n\u00e9ficier de l\u2019aide, inscrivez-vous \u00e0 une de nos formations. Nous nous chargerons des d\u00e9marches administratives aupr\u00e8s de la SACEM. Et vous n\u2019aurez rien \u00e0 avancer.\u00a0<\/p><p class=\"\"><span class=\"\">Pour plus de renseignements et pour discuter de votre projet de formation, n\u2019h\u00e9sitez pas \u00e0 nous contacter :\u00a0<a class=\"\" href=\"mailto:contact@eifeil.fr\">contact@eifeil.fr<\/a>\u00a0<\/span><span class=\"\">ou au 09 72 14 23 89\u00a0<\/span><\/p>\t\t\t\t\t\t\t\t<\/div>\n\t\t\t\t<\/div>\n\t\t\t\t<div class=\"elementor-element elementor-element-a521d23 elementor-widget elementor-widget-image\" data-id=\"a521d23\" data-element_type=\"widget\" data-e-type=\"widget\" data-widget_type=\"image.default\">\n\t\t\t\t<div class=\"elementor-widget-container\">\n\t\t\t\t\t\t\t\t\t\t\t\t\t\t\t<img decoding=\"async\" width=\"300\" height=\"99\" src=\"https:\/\/eifeil.com\/wp-content\/uploads\/2025\/07\/SACEM-UNIVERSITE_2025_RVB-300x99.png\" class=\"attachment-medium size-medium wp-image-7917\" alt=\"\" srcset=\"https:\/\/eifeil.com\/wp-content\/uploads\/2025\/07\/SACEM-UNIVERSITE_2025_RVB-300x99.png 300w, https:\/\/eifeil.com\/wp-content\/uploads\/2025\/07\/SACEM-UNIVERSITE_2025_RVB-1024x337.png 1024w, https:\/\/eifeil.com\/wp-content\/uploads\/2025\/07\/SACEM-UNIVERSITE_2025_RVB-768x253.png 768w, https:\/\/eifeil.com\/wp-content\/uploads\/2025\/07\/SACEM-UNIVERSITE_2025_RVB-1000x329.png 1000w, https:\/\/eifeil.com\/wp-content\/uploads\/2025\/07\/SACEM-UNIVERSITE_2025_RVB-230x76.png 230w, https:\/\/eifeil.com\/wp-content\/uploads\/2025\/07\/SACEM-UNIVERSITE_2025_RVB-350x115.png 350w, https:\/\/eifeil.com\/wp-content\/uploads\/2025\/07\/SACEM-UNIVERSITE_2025_RVB-480x158.png 480w, https:\/\/eifeil.com\/wp-content\/uploads\/2025\/07\/SACEM-UNIVERSITE_2025_RVB.png 1061w\" sizes=\"(max-width: 300px) 100vw, 300px\" \/>\t\t\t\t\t\t\t\t\t\t\t\t\t\t\t<\/div>\n\t\t\t\t<\/div>\n\t\t\t\t\t<\/div>\n\t\t<\/div>\n\t\t\t\t\t<\/div>\n\t\t<\/section>\n\t\t\t\t<section class=\"elementor-section elementor-top-section elementor-element elementor-element-fb8ed5a elementor-section-boxed elementor-section-height-default elementor-section-height-default\" data-id=\"fb8ed5a\" data-element_type=\"section\" data-e-type=\"section\" data-settings=\"{&quot;background_background&quot;:&quot;classic&quot;}\">\n\t\t\t\t\t\t<div class=\"elementor-container elementor-column-gap-default\">\n\t\t\t\t\t<div class=\"elementor-column elementor-col-100 elementor-top-column elementor-element elementor-element-1d290c8\" data-id=\"1d290c8\" data-element_type=\"column\" data-e-type=\"column\">\n\t\t\t<div class=\"elementor-widget-wrap elementor-element-populated\">\n\t\t\t\t\t\t<div class=\"elementor-element elementor-element-ac5d0a5 elementor-widget elementor-widget-heading\" data-id=\"ac5d0a5\" data-element_type=\"widget\" data-e-type=\"widget\" data-widget_type=\"heading.default\">\n\t\t\t\t<div class=\"elementor-widget-container\">\n\t\t\t\t\t<h3 class=\"elementor-heading-title elementor-size-default\">L'AFDAS<\/h3>\t\t\t\t<\/div>\n\t\t\t\t<\/div>\n\t\t\t\t<div class=\"elementor-element elementor-element-238d891 elementor-widget elementor-widget-text-editor\" data-id=\"238d891\" data-element_type=\"widget\" data-e-type=\"widget\" data-widget_type=\"text-editor.default\">\n\t\t\t\t<div class=\"elementor-widget-container\">\n\t\t\t\t\t\t\t\t\t<p><strong>Les cr\u00e9ateurs (artistes-auteurs) :<\/strong><\/p><ul><li class=\"\"><span class=\"\">Avoir per\u00e7u au total s<\/span>ur les\u00a0<strong class=\"\">3 derni\u00e8res ann\u00e9es<\/strong>\u00a0(hors ann\u00e9e en cours) des recettes artistiques <u class=\"\">cumul\u00e9es<\/u> d\u2019un montant minimum de\u00a0<br \/><strong>7 212 \u20ac<\/strong>.<\/li><li class=\"\"><strong class=\"\">Les \u00e9diteurs et leurs salari\u00e9s :<\/strong> les entreprises qui cotisent \u00e0 l\u2019Afdas peuvent b\u00e9n\u00e9ficier d\u2019une prise en charge totale des formations.\u00a0 \u00a0 \u00a0 \u00a0 \u00a0 \u00a0 \u00a0 \u00a0 \u00a0 \u00a0 \u00a0 \u00a0 \u00a0 \u00a0 \u00a0 \u00a0 \u00a0 \u00a0 \u00a0 \u00a0 \u00a0 \u00a0 \u00a0 \u00a0 \u00a0 \u00a0 \u00a0 \u00a0 \u00a0 \u00a0 \u00a0 \u00a0 \u00a0 \u00a0 \u00a0\u00a0<\/li><\/ul>\t\t\t\t\t\t\t\t<\/div>\n\t\t\t\t<\/div>\n\t\t\t\t\t<\/div>\n\t\t<\/div>\n\t\t\t\t\t<\/div>\n\t\t<\/section>\n\t\t\t\t<section class=\"elementor-section elementor-top-section elementor-element elementor-element-0a9eff3 elementor-section-boxed elementor-section-height-default elementor-section-height-default\" data-id=\"0a9eff3\" data-element_type=\"section\" data-e-type=\"section\" data-settings=\"{&quot;background_background&quot;:&quot;classic&quot;}\">\n\t\t\t\t\t\t<div class=\"elementor-container elementor-column-gap-default\">\n\t\t\t\t\t<div class=\"elementor-column elementor-col-100 elementor-top-column elementor-element elementor-element-fc749e9\" data-id=\"fc749e9\" data-element_type=\"column\" data-e-type=\"column\">\n\t\t\t<div class=\"elementor-widget-wrap elementor-element-populated\">\n\t\t\t\t\t\t<div class=\"elementor-element elementor-element-7ed820e elementor-widget elementor-widget-heading\" data-id=\"7ed820e\" data-element_type=\"widget\" data-e-type=\"widget\" data-widget_type=\"heading.default\">\n\t\t\t\t<div class=\"elementor-widget-container\">\n\t\t\t\t\t<h3 class=\"elementor-heading-title elementor-size-default\">FIF PL<\/h3>\t\t\t\t<\/div>\n\t\t\t\t<\/div>\n\t\t\t\t<div class=\"elementor-element elementor-element-1b42e59 elementor-widget__width-initial elementor-widget elementor-widget-text-editor\" data-id=\"1b42e59\" data-element_type=\"widget\" data-e-type=\"widget\" data-widget_type=\"text-editor.default\">\n\t\t\t\t<div class=\"elementor-widget-container\">\n\t\t\t\t\t\t\t\t\t<ul><li>Pour : Professions lib\u00e9rales non r\u00e9glement\u00e9es (coach, consultant, psychologue, ost\u00e9opathe, formateur, etc.)<\/li><li>Site :\u00a0<strong><a href=\"https:\/\/www.fifpl.fr\/\">https:\/\/www.fifpl.fr<\/a><\/strong><\/li><\/ul>\t\t\t\t\t\t\t\t<\/div>\n\t\t\t\t<\/div>\n\t\t\t\t\t<\/div>\n\t\t<\/div>\n\t\t\t\t\t<\/div>\n\t\t<\/section>\n\t\t\t\t<section class=\"elementor-section elementor-top-section elementor-element elementor-element-9e1c2a6 elementor-section-boxed elementor-section-height-default elementor-section-height-default\" data-id=\"9e1c2a6\" data-element_type=\"section\" data-e-type=\"section\" data-settings=\"{&quot;background_background&quot;:&quot;classic&quot;}\">\n\t\t\t\t\t\t<div class=\"elementor-container elementor-column-gap-default\">\n\t\t\t\t\t<div class=\"elementor-column elementor-col-100 elementor-top-column elementor-element elementor-element-34a3a5f\" data-id=\"34a3a5f\" data-element_type=\"column\" data-e-type=\"column\">\n\t\t\t<div class=\"elementor-widget-wrap elementor-element-populated\">\n\t\t\t\t\t\t<div class=\"elementor-element elementor-element-e874c31 elementor-widget elementor-widget-heading\" data-id=\"e874c31\" data-element_type=\"widget\" data-e-type=\"widget\" data-widget_type=\"heading.default\">\n\t\t\t\t<div class=\"elementor-widget-container\">\n\t\t\t\t\t<h3 class=\"elementor-heading-title elementor-size-default\">AGEFICE<\/h3>\t\t\t\t<\/div>\n\t\t\t\t<\/div>\n\t\t\t\t<div class=\"elementor-element elementor-element-dea068c elementor-widget__width-initial elementor-widget elementor-widget-text-editor\" data-id=\"dea068c\" data-element_type=\"widget\" data-e-type=\"widget\" data-widget_type=\"text-editor.default\">\n\t\t\t\t<div class=\"elementor-widget-container\">\n\t\t\t\t\t\t\t\t\t<ul><li>Pour : Travailleurs ind\u00e9pendants commer\u00e7ants, dirigeants non salari\u00e9s, auto-entrepreneurs inscrits au Registre du Commerce et des Soci\u00e9t\u00e9s (RCS)<\/li><li>Site :\u00a0<strong><a href=\"https:\/\/www.agefice.fr\/\">https:\/\/www.agefice.fr<\/a><\/strong><\/li><\/ul>\t\t\t\t\t\t\t\t<\/div>\n\t\t\t\t<\/div>\n\t\t\t\t\t<\/div>\n\t\t<\/div>\n\t\t\t\t\t<\/div>\n\t\t<\/section>\n\t\t\t\t<section class=\"elementor-section elementor-top-section elementor-element elementor-element-a6d6053 elementor-section-boxed elementor-section-height-default elementor-section-height-default\" data-id=\"a6d6053\" data-element_type=\"section\" data-e-type=\"section\" data-settings=\"{&quot;background_background&quot;:&quot;classic&quot;}\">\n\t\t\t\t\t\t<div class=\"elementor-container elementor-column-gap-default\">\n\t\t\t\t\t<div class=\"elementor-column elementor-col-100 elementor-top-column elementor-element elementor-element-4eeafb1\" data-id=\"4eeafb1\" data-element_type=\"column\" data-e-type=\"column\">\n\t\t\t<div class=\"elementor-widget-wrap elementor-element-populated\">\n\t\t\t\t\t\t<div class=\"elementor-element elementor-element-c6843e3 elementor-widget elementor-widget-heading\" data-id=\"c6843e3\" data-element_type=\"widget\" data-e-type=\"widget\" data-widget_type=\"heading.default\">\n\t\t\t\t<div class=\"elementor-widget-container\">\n\t\t\t\t\t<h3 class=\"elementor-heading-title elementor-size-default\">URSSAF<\/h3>\t\t\t\t<\/div>\n\t\t\t\t<\/div>\n\t\t\t\t<div class=\"elementor-element elementor-element-7925e7c elementor-widget__width-initial elementor-widget elementor-widget-text-editor\" data-id=\"7925e7c\" data-element_type=\"widget\" data-e-type=\"widget\" data-widget_type=\"text-editor.default\">\n\t\t\t\t<div class=\"elementor-widget-container\">\n\t\t\t\t\t\t\t\t\t<ul><li>L\u2019URSSAF collecte la Contribution \u00e0 la Formation Professionnelle (CFP). Cette cotisation annuelle vous donne acc\u00e8s aux financements des organismes ci-dessus.<\/li><li>Site :\u00a0<strong><a href=\"https:\/\/www.urssaf.fr\/\">https:\/\/www.urssaf.fr<\/a><\/strong><\/li><\/ul>\t\t\t\t\t\t\t\t<\/div>\n\t\t\t\t<\/div>\n\t\t\t\t\t<\/div>\n\t\t<\/div>\n\t\t\t\t\t<\/div>\n\t\t<\/section>\n\t\t\t\t<\/div>\n\t\t","protected":false},"excerpt":{"rendered":"<p>Comment faire financer sa formation ? Faire financer sa formation \u00e0 100% c&rsquo;est possible ! La SACEM Elle constitue une prise en charge totale des frais des formations d\u2019EIFEIL pour [&hellip;]<\/p>\n","protected":false},"author":1,"featured_media":0,"parent":0,"menu_order":0,"comment_status":"closed","ping_status":"closed","template":"","meta":{"footnotes":""},"class_list":["post-6318","page","type-page","status-publish","hentry"],"yoast_head":"<!-- This site is optimized with the Yoast SEO plugin v26.6 - https:\/\/yoast.com\/wordpress\/plugins\/seo\/ -->\n<title>Comment faire financer sa formation ? - EIFEIL<\/title>\n<meta name=\"description\" content=\"Faites prendre en charge jusqu&#039;\u00e0 100% votre formation en fonction de votre profil, gr\u00e2ce \u00e0 l&#039;Afdas ou \u00e0 notre partenariat Sacem...\" \/>\n<meta name=\"robots\" content=\"index, follow, max-snippet:-1, max-image-preview:large, max-video-preview:-1\" \/>\n<link rel=\"canonical\" href=\"https:\/\/eifeil.com\/index.php\/comment-faire-financer-sa-formation\/\" \/>\n<meta property=\"og:locale\" content=\"fr_FR\" \/>\n<meta property=\"og:type\" content=\"article\" \/>\n<meta property=\"og:title\" content=\"Comment faire financer sa formation ? - EIFEIL\" \/>\n<meta property=\"og:description\" content=\"Faites prendre en charge jusqu&#039;\u00e0 100% votre formation en fonction de votre profil, gr\u00e2ce \u00e0 l&#039;Afdas ou \u00e0 notre partenariat Sacem...\" \/>\n<meta property=\"og:url\" content=\"https:\/\/eifeil.com\/index.php\/comment-faire-financer-sa-formation\/\" \/>\n<meta property=\"og:site_name\" content=\"EIFEIL\" \/>\n<meta property=\"article:modified_time\" content=\"2026-03-27T16:29:34+00:00\" \/>\n<meta property=\"og:image\" content=\"https:\/\/eifeil.com\/wp-content\/uploads\/2025\/04\/1.png\" \/>\n\t<meta property=\"og:image:width\" content=\"1080\" \/>\n\t<meta property=\"og:image:height\" content=\"1080\" \/>\n\t<meta property=\"og:image:type\" content=\"image\/png\" \/>\n<meta name=\"twitter:card\" content=\"summary_large_image\" \/>\n<meta name=\"twitter:label1\" content=\"Dur\u00e9e de lecture estim\u00e9e\" \/>\n\t<meta name=\"twitter:data1\" content=\"2 minutes\" \/>\n<script type=\"application\/ld+json\" class=\"yoast-schema-graph\">{\"@context\":\"https:\/\/schema.org\",\"@graph\":[{\"@type\":\"WebPage\",\"@id\":\"https:\/\/eifeil.com\/index.php\/comment-faire-financer-sa-formation\/\",\"url\":\"https:\/\/eifeil.com\/index.php\/comment-faire-financer-sa-formation\/\",\"name\":\"Comment faire financer sa formation ? - EIFEIL\",\"isPartOf\":{\"@id\":\"https:\/\/eifeil.com\/#website\"},\"primaryImageOfPage\":{\"@id\":\"https:\/\/eifeil.com\/index.php\/comment-faire-financer-sa-formation\/#primaryimage\"},\"image\":{\"@id\":\"https:\/\/eifeil.com\/index.php\/comment-faire-financer-sa-formation\/#primaryimage\"},\"thumbnailUrl\":\"https:\/\/eifeil.com\/wp-content\/uploads\/2025\/04\/1-1024x1024.png\",\"datePublished\":\"2024-09-24T14:22:52+00:00\",\"dateModified\":\"2026-03-27T16:29:34+00:00\",\"description\":\"Faites prendre en charge jusqu'\u00e0 100% votre formation en fonction de votre profil, gr\u00e2ce \u00e0 l'Afdas ou \u00e0 notre partenariat Sacem...\",\"breadcrumb\":{\"@id\":\"https:\/\/eifeil.com\/index.php\/comment-faire-financer-sa-formation\/#breadcrumb\"},\"inLanguage\":\"fr-FR\",\"potentialAction\":[{\"@type\":\"ReadAction\",\"target\":[\"https:\/\/eifeil.com\/index.php\/comment-faire-financer-sa-formation\/\"]}]},{\"@type\":\"ImageObject\",\"inLanguage\":\"fr-FR\",\"@id\":\"https:\/\/eifeil.com\/index.php\/comment-faire-financer-sa-formation\/#primaryimage\",\"url\":\"https:\/\/eifeil.com\/wp-content\/uploads\/2025\/04\/1.png\",\"contentUrl\":\"https:\/\/eifeil.com\/wp-content\/uploads\/2025\/04\/1.png\",\"width\":1080,\"height\":1080},{\"@type\":\"BreadcrumbList\",\"@id\":\"https:\/\/eifeil.com\/index.php\/comment-faire-financer-sa-formation\/#breadcrumb\",\"itemListElement\":[{\"@type\":\"ListItem\",\"position\":1,\"name\":\"Accueil\",\"item\":\"https:\/\/eifeil.com\/\"},{\"@type\":\"ListItem\",\"position\":2,\"name\":\"Comment faire financer sa formation ?\"}]},{\"@type\":\"WebSite\",\"@id\":\"https:\/\/eifeil.com\/#website\",\"url\":\"https:\/\/eifeil.com\/\",\"name\":\"EIFEIL\",\"description\":\"\u00c9diteurs Ind\u00e9pendants F\u00e9d\u00e9r\u00e9s en France\",\"potentialAction\":[{\"@type\":\"SearchAction\",\"target\":{\"@type\":\"EntryPoint\",\"urlTemplate\":\"https:\/\/eifeil.com\/?s={search_term_string}\"},\"query-input\":{\"@type\":\"PropertyValueSpecification\",\"valueRequired\":true,\"valueName\":\"search_term_string\"}}],\"inLanguage\":\"fr-FR\"}]}<\/script>\n<!-- \/ Yoast SEO plugin. -->","yoast_head_json":{"title":"Comment faire financer sa formation ? - EIFEIL","description":"Faites prendre en charge jusqu'\u00e0 100% votre formation en fonction de votre profil, gr\u00e2ce \u00e0 l'Afdas ou \u00e0 notre partenariat Sacem...","robots":{"index":"index","follow":"follow","max-snippet":"max-snippet:-1","max-image-preview":"max-image-preview:large","max-video-preview":"max-video-preview:-1"},"canonical":"https:\/\/eifeil.com\/index.php\/comment-faire-financer-sa-formation\/","og_locale":"fr_FR","og_type":"article","og_title":"Comment faire financer sa formation ? - EIFEIL","og_description":"Faites prendre en charge jusqu'\u00e0 100% votre formation en fonction de votre profil, gr\u00e2ce \u00e0 l'Afdas ou \u00e0 notre partenariat Sacem...","og_url":"https:\/\/eifeil.com\/index.php\/comment-faire-financer-sa-formation\/","og_site_name":"EIFEIL","article_modified_time":"2026-03-27T16:29:34+00:00","og_image":[{"width":1080,"height":1080,"url":"https:\/\/eifeil.com\/wp-content\/uploads\/2025\/04\/1.png","type":"image\/png"}],"twitter_card":"summary_large_image","twitter_misc":{"Dur\u00e9e de lecture estim\u00e9e":"2 minutes"},"schema":{"@context":"https:\/\/schema.org","@graph":[{"@type":"WebPage","@id":"https:\/\/eifeil.com\/index.php\/comment-faire-financer-sa-formation\/","url":"https:\/\/eifeil.com\/index.php\/comment-faire-financer-sa-formation\/","name":"Comment faire financer sa formation ? - EIFEIL","isPartOf":{"@id":"https:\/\/eifeil.com\/#website"},"primaryImageOfPage":{"@id":"https:\/\/eifeil.com\/index.php\/comment-faire-financer-sa-formation\/#primaryimage"},"image":{"@id":"https:\/\/eifeil.com\/index.php\/comment-faire-financer-sa-formation\/#primaryimage"},"thumbnailUrl":"https:\/\/eifeil.com\/wp-content\/uploads\/2025\/04\/1-1024x1024.png","datePublished":"2024-09-24T14:22:52+00:00","dateModified":"2026-03-27T16:29:34+00:00","description":"Faites prendre en charge jusqu'\u00e0 100% votre formation en fonction de votre profil, gr\u00e2ce \u00e0 l'Afdas ou \u00e0 notre partenariat Sacem...","breadcrumb":{"@id":"https:\/\/eifeil.com\/index.php\/comment-faire-financer-sa-formation\/#breadcrumb"},"inLanguage":"fr-FR","potentialAction":[{"@type":"ReadAction","target":["https:\/\/eifeil.com\/index.php\/comment-faire-financer-sa-formation\/"]}]},{"@type":"ImageObject","inLanguage":"fr-FR","@id":"https:\/\/eifeil.com\/index.php\/comment-faire-financer-sa-formation\/#primaryimage","url":"https:\/\/eifeil.com\/wp-content\/uploads\/2025\/04\/1.png","contentUrl":"https:\/\/eifeil.com\/wp-content\/uploads\/2025\/04\/1.png","width":1080,"height":1080},{"@type":"BreadcrumbList","@id":"https:\/\/eifeil.com\/index.php\/comment-faire-financer-sa-formation\/#breadcrumb","itemListElement":[{"@type":"ListItem","position":1,"name":"Accueil","item":"https:\/\/eifeil.com\/"},{"@type":"ListItem","position":2,"name":"Comment faire financer sa formation ?"}]},{"@type":"WebSite","@id":"https:\/\/eifeil.com\/#website","url":"https:\/\/eifeil.com\/","name":"EIFEIL","description":"\u00c9diteurs Ind\u00e9pendants F\u00e9d\u00e9r\u00e9s en France","potentialAction":[{"@type":"SearchAction","target":{"@type":"EntryPoint","urlTemplate":"https:\/\/eifeil.com\/?s={search_term_string}"},"query-input":{"@type":"PropertyValueSpecification","valueRequired":true,"valueName":"search_term_string"}}],"inLanguage":"fr-FR"}]}},"_links":{"self":[{"href":"https:\/\/eifeil.com\/index.php\/wp-json\/wp\/v2\/pages\/6318","targetHints":{"allow":["GET"]}}],"collection":[{"href":"https:\/\/eifeil.com\/index.php\/wp-json\/wp\/v2\/pages"}],"about":[{"href":"https:\/\/eifeil.com\/index.php\/wp-json\/wp\/v2\/types\/page"}],"author":[{"embeddable":true,"href":"https:\/\/eifeil.com\/index.php\/wp-json\/wp\/v2\/users\/1"}],"replies":[{"embeddable":true,"href":"https:\/\/eifeil.com\/index.php\/wp-json\/wp\/v2\/comments?post=6318"}],"version-history":[{"count":49,"href":"https:\/\/eifeil.com\/index.php\/wp-json\/wp\/v2\/pages\/6318\/revisions"}],"predecessor-version":[{"id":8831,"href":"https:\/\/eifeil.com\/index.php\/wp-json\/wp\/v2\/pages\/6318\/revisions\/8831"}],"wp:attachment":[{"href":"https:\/\/eifeil.com\/index.php\/wp-json\/wp\/v2\/media?parent=6318"}],"curies":[{"name":"wp","href":"https:\/\/api.w.org\/{rel}","templated":true}]}}