{"id":909,"date":"2022-09-21T16:33:54","date_gmt":"2022-09-21T14:33:54","guid":{"rendered":"http:\/\/eifeil.com\/di13089-ovh\/?page_id=909"},"modified":"2026-03-25T15:44:44","modified_gmt":"2026-03-25T14:44:44","slug":"adhesion-eifeil","status":"publish","type":"page","link":"https:\/\/eifeil.com\/index.php\/adhesion-eifeil\/","title":{"rendered":"Adh\u00e9sion EIFEIL"},"content":{"rendered":"\t\t<div data-elementor-type=\"wp-page\" data-elementor-id=\"909\" class=\"elementor elementor-909\">\n\t\t\t\t\t\t<section class=\"elementor-section elementor-top-section elementor-element elementor-element-83572e6 elementor-section-stretched elementor-section-boxed elementor-section-height-default elementor-section-height-default\" data-id=\"83572e6\" data-element_type=\"section\" data-e-type=\"section\" data-settings=\"{&quot;stretch_section&quot;:&quot;section-stretched&quot;}\">\n\t\t\t\t\t\t<div class=\"elementor-container elementor-column-gap-default\">\n\t\t\t\t\t<div class=\"elementor-column elementor-col-100 elementor-top-column elementor-element elementor-element-30639cd\" data-id=\"30639cd\" data-element_type=\"column\" data-e-type=\"column\">\n\t\t\t<div class=\"elementor-widget-wrap elementor-element-populated\">\n\t\t\t\t\t\t<div class=\"elementor-element elementor-element-1aa2d1a elementor-widget elementor-widget-heading\" data-id=\"1aa2d1a\" data-element_type=\"widget\" data-e-type=\"widget\" data-widget_type=\"heading.default\">\n\t\t\t\t<div class=\"elementor-widget-container\">\n\t\t\t\t\t<h1 class=\"elementor-heading-title elementor-size-default\">Adh\u00e9sion EIFEIL<\/h1>\t\t\t\t<\/div>\n\t\t\t\t<\/div>\n\t\t\t\t<div class=\"elementor-element elementor-element-359773f elementor-widget__width-inherit elementor-widget elementor-widget-text-editor\" data-id=\"359773f\" data-element_type=\"widget\" data-e-type=\"widget\" data-widget_type=\"text-editor.default\">\n\t\t\t\t<div class=\"elementor-widget-container\">\n\t\t\t\t\t\t\t\t\t<p style=\"text-align: center;\">Adh\u00e9rer \u00e0 EIFEIL, c\u2019est rejoindre une communaut\u00e9 de plus de <span style=\"color: #ee1f61;\"><strong>200 \u00e9diteurs ind\u00e9pendants<\/strong><\/span>, engag\u00e9s pour une fili\u00e8re musicale nationale forte, solidaire et dynamique. La f\u00e9d\u00e9ration vit gr\u00e2ce \u00e0 ses membres : \u00e9changes, partages, entraide, travaux collectifs et rendez-vous professionnels rythment son quotidien.\u00a0<\/p><p style=\"text-align: center;\"><span style=\"color: #ee1f61;\"><b>Elle est un lien incontournable pour la professionnalisation, le d\u00e9veloppement et la p\u00e9rennisation de nos m\u00e9tiers, du droit d\u2019auteur et des emplois de ce secteur.<\/b><\/span><\/p>\t\t\t\t\t\t\t\t<\/div>\n\t\t\t\t<\/div>\n\t\t\t\t\t<\/div>\n\t\t<\/div>\n\t\t\t\t\t<\/div>\n\t\t<\/section>\n\t\t\t\t<section class=\"elementor-section elementor-top-section elementor-element elementor-element-624e9ae elementor-section-stretched elementor-section-boxed elementor-section-height-default elementor-section-height-default\" data-id=\"624e9ae\" data-element_type=\"section\" data-e-type=\"section\" data-settings=\"{&quot;stretch_section&quot;:&quot;section-stretched&quot;,&quot;background_background&quot;:&quot;classic&quot;}\">\n\t\t\t\t\t\t<div class=\"elementor-container elementor-column-gap-default\">\n\t\t\t\t\t<div class=\"elementor-column elementor-col-100 elementor-top-column elementor-element elementor-element-402da89\" data-id=\"402da89\" data-element_type=\"column\" data-e-type=\"column\">\n\t\t\t<div class=\"elementor-widget-wrap elementor-element-populated\">\n\t\t\t\t\t\t<div class=\"elementor-element elementor-element-420b69f elementor-widget elementor-widget-heading\" data-id=\"420b69f\" data-element_type=\"widget\" data-e-type=\"widget\" data-widget_type=\"heading.default\">\n\t\t\t\t<div class=\"elementor-widget-container\">\n\t\t\t\t\t<h2 class=\"elementor-heading-title elementor-size-default\"><b>Pourquoi adh\u00e9rer \u00e0 la F\u00e9d\u00e9ration EIFEIL  ? <\/b><\/h2>\t\t\t\t<\/div>\n\t\t\t\t<\/div>\n\t\t\t\t<div class=\"elementor-element elementor-element-18399e5 elementor-widget__width-inherit elementor-widget elementor-widget-text-editor\" data-id=\"18399e5\" data-element_type=\"widget\" data-e-type=\"widget\" data-widget_type=\"text-editor.default\">\n\t\t\t\t<div class=\"elementor-widget-container\">\n\t\t\t\t\t\t\t\t\t<p style=\"text-align: left;\"><span style=\"color: #ee1f61;\"><strong>SOUTIEN AUX ACTEURS :<\/strong><\/span><\/p><p>Une question sur vos \u00e9ditions ? Besoin d\u2019un contrat ou d\u2019un contact professionnel ? Gr\u00e2ce \u00e0 notre r\u00e9seau d\u2019experts, nous r\u00e9pondons \u00e0 toutes vos interrogations et vous accompagnons en vous fournissant les documents adapt\u00e9s \u00e0 vos besoins !<br \/><br \/><\/p><p><strong><span style=\"color: #ee1f61;\">MISE EN AVANT ET PROMOTION :<\/span><br \/><\/strong>Valorisation des actualit\u00e9s de nos adh\u00e9rents dans notre newsletter diffus\u00e9e \u00e0 plus de 10 000 contacts !<br \/><br \/><\/p><p><span style=\"color: #ee1f61;\"><strong>LIBRAIRIE MUSICALE : <br \/><\/strong><\/span>Nous offrons l&rsquo;h\u00e9bergement d&rsquo;oeuvres de vos catalogues qui correspondent \u00e0 des oeuvres de librairie musicale.<br \/><br \/><\/p><p><strong><span style=\"color: #ee1f61;\">SYNCHRONISATION<\/span> <span style=\"color: #ee1f61;\">:<\/span><\/strong> <br \/>Gr\u00e2ce \u00e0 notre partenariat avec Bridge.audio, nous h\u00e9bergeons gratuitement votre catalogue sur le <span style=\"color: #ee1f61;\"><strong><a style=\"color: #ee1f61;\" href=\"https:\/\/sync-hub.bridge.audio\/\">Hub Sync,<\/a><\/strong><\/span> vous offrant ainsi de nombreuses opportunit\u00e9s de synchronisation. Nous mettons en avant vos titres chaque semaine en envoyant une \u00ab\u00a0Track of the Week\u00a0\u00bb, aupr\u00e8s de notre r\u00e9seau de music supervisors, en France et \u00e0 l&rsquo;international.\u00a0<br \/><br \/><\/p><p><span style=\"color: #ee1f61;\"><strong>S\u00c9MINAIRE DE CREATION :<\/strong> <br \/><\/span>Nos adh\u00e9rents b\u00e9n\u00e9ficient d\u2019un acc\u00e8s privil\u00e9gi\u00e9 aux s\u00e9minaires de cr\u00e9ation organis\u00e9s par la Sacem.<br \/><br \/><\/p><p><span style=\"color: #ee1f61;\"><strong>ACC\u00c8S GRATUITS \u00c0 NOS SALONS PROFESSIONNELS : <span style=\"color: #ee1f61;\"><a style=\"color: #ee1f61;\" href=\"https:\/\/eifeil.com\/index.php\/edita-event-salon-de-ledition-musicale\/\"><u>EDITA<\/u><\/a> &amp; <a style=\"color: #ee1f61;\" href=\"https:\/\/eifeil.com\/index.php\/creasync-festival\/\"><u>CREASYNC<\/u><\/a><\/span><\/strong><\/span><\/p>\t\t\t\t\t\t\t\t<\/div>\n\t\t\t\t<\/div>\n\t\t\t\t\t<\/div>\n\t\t<\/div>\n\t\t\t\t\t<\/div>\n\t\t<\/section>\n\t\t\t\t<section class=\"elementor-section elementor-top-section elementor-element elementor-element-e89afe9 elementor-section-stretched elementor-section-boxed elementor-section-height-default elementor-section-height-default\" data-id=\"e89afe9\" data-element_type=\"section\" data-e-type=\"section\" data-settings=\"{&quot;stretch_section&quot;:&quot;section-stretched&quot;}\">\n\t\t\t\t\t\t<div class=\"elementor-container elementor-column-gap-default\">\n\t\t\t\t\t<div class=\"elementor-column elementor-col-100 elementor-top-column elementor-element elementor-element-89d4415\" data-id=\"89d4415\" data-element_type=\"column\" data-e-type=\"column\">\n\t\t\t<div class=\"elementor-widget-wrap elementor-element-populated\">\n\t\t\t\t\t\t<div class=\"elementor-element elementor-element-0a31c8b elementor-widget elementor-widget-heading\" data-id=\"0a31c8b\" data-element_type=\"widget\" data-e-type=\"widget\" data-widget_type=\"heading.default\">\n\t\t\t\t<div class=\"elementor-widget-container\">\n\t\t\t\t\t<h2 class=\"elementor-heading-title elementor-size-default\"><b>Formulaire d'adh\u00e9sion<\/b><\/h2>\t\t\t\t<\/div>\n\t\t\t\t<\/div>\n\t\t\t\t<div class=\"elementor-element elementor-element-07c2268 elementor-widget-mobile__width-initial elementor-widget elementor-widget-text-editor\" data-id=\"07c2268\" data-element_type=\"widget\" data-e-type=\"widget\" data-widget_type=\"text-editor.default\">\n\t\t\t\t<div class=\"elementor-widget-container\">\n\t\t\t\t\t\t\t\t\t<p>Les prix s&rsquo;affichent TTC<\/p>\t\t\t\t\t\t\t\t<\/div>\n\t\t\t\t<\/div>\n\t\t\t\t<div class=\"elementor-element elementor-element-4db5d56 elementor-widget elementor-widget-html\" data-id=\"4db5d56\" data-element_type=\"widget\" data-e-type=\"widget\" data-widget_type=\"html.default\">\n\t\t\t\t<div class=\"elementor-widget-container\">\n\t\t\t\t\t<iframe id=\"haWidget\" allowtransparency=\"true\" scrolling=\"auto\" src=\"https:\/\/www.helloasso.com\/associations\/federation-eifeil\/adhesions\/adhesion-eifeil\/widget\" style=\"width: 100%; height: 750px; border: none;\"><\/iframe>\t\t\t\t<\/div>\n\t\t\t\t<\/div>\n\t\t\t\t\t<\/div>\n\t\t<\/div>\n\t\t\t\t\t<\/div>\n\t\t<\/section>\n\t\t\t\t<\/div>\n\t\t","protected":false},"excerpt":{"rendered":"<p>Adh\u00e9sion EIFEIL Adh\u00e9rer \u00e0 EIFEIL, c\u2019est rejoindre une communaut\u00e9 de plus de 200 \u00e9diteurs ind\u00e9pendants, engag\u00e9s pour une fili\u00e8re musicale nationale forte, solidaire et dynamique. La f\u00e9d\u00e9ration vit gr\u00e2ce \u00e0 [&hellip;]<\/p>\n","protected":false},"author":1,"featured_media":0,"parent":0,"menu_order":0,"comment_status":"closed","ping_status":"closed","template":"elementor_theme","meta":{"footnotes":""},"class_list":["post-909","page","type-page","status-publish","hentry"],"yoast_head":"<!-- This site is optimized with the Yoast SEO plugin v26.6 - https:\/\/yoast.com\/wordpress\/plugins\/seo\/ -->\n<title>Adh\u00e9sion EIFEIL<\/title>\n<meta name=\"description\" content=\"Adh\u00e9sion EIFEIL : la f\u00e9d\u00e9ration des \u00e9diteurs ind\u00e9pendants en France ! S\u00e9minaires - formations - \u00e9v\u00e9nements - synchronisation\" \/>\n<meta name=\"robots\" content=\"index, follow, max-snippet:-1, max-image-preview:large, max-video-preview:-1\" \/>\n<link rel=\"canonical\" href=\"https:\/\/eifeil.com\/index.php\/adhesion-eifeil\/\" \/>\n<meta property=\"og:locale\" content=\"fr_FR\" \/>\n<meta property=\"og:type\" content=\"article\" \/>\n<meta property=\"og:title\" content=\"Adh\u00e9sion EIFEIL\" \/>\n<meta property=\"og:description\" content=\"Adh\u00e9sion EIFEIL : la f\u00e9d\u00e9ration des \u00e9diteurs ind\u00e9pendants en France ! S\u00e9minaires - formations - \u00e9v\u00e9nements - synchronisation\" \/>\n<meta property=\"og:url\" content=\"https:\/\/eifeil.com\/index.php\/adhesion-eifeil\/\" \/>\n<meta property=\"og:site_name\" content=\"EIFEIL\" \/>\n<meta property=\"article:modified_time\" content=\"2026-03-25T14:44:44+00:00\" \/>\n<meta name=\"twitter:card\" content=\"summary_large_image\" \/>\n<meta name=\"twitter:label1\" content=\"Dur\u00e9e de lecture estim\u00e9e\" \/>\n\t<meta name=\"twitter:data1\" content=\"2 minutes\" \/>\n<script type=\"application\/ld+json\" class=\"yoast-schema-graph\">{\"@context\":\"https:\/\/schema.org\",\"@graph\":[{\"@type\":\"WebPage\",\"@id\":\"https:\/\/eifeil.com\/index.php\/adhesion-eifeil\/\",\"url\":\"https:\/\/eifeil.com\/index.php\/adhesion-eifeil\/\",\"name\":\"Adh\u00e9sion EIFEIL\",\"isPartOf\":{\"@id\":\"https:\/\/eifeil.com\/#website\"},\"datePublished\":\"2022-09-21T14:33:54+00:00\",\"dateModified\":\"2026-03-25T14:44:44+00:00\",\"description\":\"Adh\u00e9sion EIFEIL : la f\u00e9d\u00e9ration des \u00e9diteurs ind\u00e9pendants en France ! S\u00e9minaires - formations - \u00e9v\u00e9nements - synchronisation\",\"breadcrumb\":{\"@id\":\"https:\/\/eifeil.com\/index.php\/adhesion-eifeil\/#breadcrumb\"},\"inLanguage\":\"fr-FR\",\"potentialAction\":[{\"@type\":\"ReadAction\",\"target\":[\"https:\/\/eifeil.com\/index.php\/adhesion-eifeil\/\"]}]},{\"@type\":\"BreadcrumbList\",\"@id\":\"https:\/\/eifeil.com\/index.php\/adhesion-eifeil\/#breadcrumb\",\"itemListElement\":[{\"@type\":\"ListItem\",\"position\":1,\"name\":\"Accueil\",\"item\":\"https:\/\/eifeil.com\/\"},{\"@type\":\"ListItem\",\"position\":2,\"name\":\"Adh\u00e9sion EIFEIL\"}]},{\"@type\":\"WebSite\",\"@id\":\"https:\/\/eifeil.com\/#website\",\"url\":\"https:\/\/eifeil.com\/\",\"name\":\"EIFEIL\",\"description\":\"\u00c9diteurs Ind\u00e9pendants F\u00e9d\u00e9r\u00e9s en France\",\"potentialAction\":[{\"@type\":\"SearchAction\",\"target\":{\"@type\":\"EntryPoint\",\"urlTemplate\":\"https:\/\/eifeil.com\/?s={search_term_string}\"},\"query-input\":{\"@type\":\"PropertyValueSpecification\",\"valueRequired\":true,\"valueName\":\"search_term_string\"}}],\"inLanguage\":\"fr-FR\"}]}<\/script>\n<!-- \/ Yoast SEO plugin. -->","yoast_head_json":{"title":"Adh\u00e9sion EIFEIL","description":"Adh\u00e9sion EIFEIL : la f\u00e9d\u00e9ration des \u00e9diteurs ind\u00e9pendants en France ! S\u00e9minaires - formations - \u00e9v\u00e9nements - synchronisation","robots":{"index":"index","follow":"follow","max-snippet":"max-snippet:-1","max-image-preview":"max-image-preview:large","max-video-preview":"max-video-preview:-1"},"canonical":"https:\/\/eifeil.com\/index.php\/adhesion-eifeil\/","og_locale":"fr_FR","og_type":"article","og_title":"Adh\u00e9sion EIFEIL","og_description":"Adh\u00e9sion EIFEIL : la f\u00e9d\u00e9ration des \u00e9diteurs ind\u00e9pendants en France ! S\u00e9minaires - formations - \u00e9v\u00e9nements - synchronisation","og_url":"https:\/\/eifeil.com\/index.php\/adhesion-eifeil\/","og_site_name":"EIFEIL","article_modified_time":"2026-03-25T14:44:44+00:00","twitter_card":"summary_large_image","twitter_misc":{"Dur\u00e9e de lecture estim\u00e9e":"2 minutes"},"schema":{"@context":"https:\/\/schema.org","@graph":[{"@type":"WebPage","@id":"https:\/\/eifeil.com\/index.php\/adhesion-eifeil\/","url":"https:\/\/eifeil.com\/index.php\/adhesion-eifeil\/","name":"Adh\u00e9sion EIFEIL","isPartOf":{"@id":"https:\/\/eifeil.com\/#website"},"datePublished":"2022-09-21T14:33:54+00:00","dateModified":"2026-03-25T14:44:44+00:00","description":"Adh\u00e9sion EIFEIL : la f\u00e9d\u00e9ration des \u00e9diteurs ind\u00e9pendants en France ! S\u00e9minaires - formations - \u00e9v\u00e9nements - synchronisation","breadcrumb":{"@id":"https:\/\/eifeil.com\/index.php\/adhesion-eifeil\/#breadcrumb"},"inLanguage":"fr-FR","potentialAction":[{"@type":"ReadAction","target":["https:\/\/eifeil.com\/index.php\/adhesion-eifeil\/"]}]},{"@type":"BreadcrumbList","@id":"https:\/\/eifeil.com\/index.php\/adhesion-eifeil\/#breadcrumb","itemListElement":[{"@type":"ListItem","position":1,"name":"Accueil","item":"https:\/\/eifeil.com\/"},{"@type":"ListItem","position":2,"name":"Adh\u00e9sion EIFEIL"}]},{"@type":"WebSite","@id":"https:\/\/eifeil.com\/#website","url":"https:\/\/eifeil.com\/","name":"EIFEIL","description":"\u00c9diteurs Ind\u00e9pendants F\u00e9d\u00e9r\u00e9s en France","potentialAction":[{"@type":"SearchAction","target":{"@type":"EntryPoint","urlTemplate":"https:\/\/eifeil.com\/?s={search_term_string}"},"query-input":{"@type":"PropertyValueSpecification","valueRequired":true,"valueName":"search_term_string"}}],"inLanguage":"fr-FR"}]}},"_links":{"self":[{"href":"https:\/\/eifeil.com\/index.php\/wp-json\/wp\/v2\/pages\/909","targetHints":{"allow":["GET"]}}],"collection":[{"href":"https:\/\/eifeil.com\/index.php\/wp-json\/wp\/v2\/pages"}],"about":[{"href":"https:\/\/eifeil.com\/index.php\/wp-json\/wp\/v2\/types\/page"}],"author":[{"embeddable":true,"href":"https:\/\/eifeil.com\/index.php\/wp-json\/wp\/v2\/users\/1"}],"replies":[{"embeddable":true,"href":"https:\/\/eifeil.com\/index.php\/wp-json\/wp\/v2\/comments?post=909"}],"version-history":[{"count":98,"href":"https:\/\/eifeil.com\/index.php\/wp-json\/wp\/v2\/pages\/909\/revisions"}],"predecessor-version":[{"id":8638,"href":"https:\/\/eifeil.com\/index.php\/wp-json\/wp\/v2\/pages\/909\/revisions\/8638"}],"wp:attachment":[{"href":"https:\/\/eifeil.com\/index.php\/wp-json\/wp\/v2\/media?parent=909"}],"curies":[{"name":"wp","href":"https:\/\/api.w.org\/{rel}","templated":true}]}}